{"id":8660,"date":"2024-06-06T14:38:17","date_gmt":"2024-06-06T12:38:17","guid":{"rendered":"http:\/\/lagranjafoods.com\/product\/mel-amb-nous\/"},"modified":"2026-05-29T12:32:43","modified_gmt":"2026-05-29T10:32:43","slug":"mel-amb-nous","status":"publish","type":"product","link":"https:\/\/lagranjafoods.com\/ca\/producte\/mel-amb-nous\/","title":{"rendered":"Mel amb nous"},"content":{"rendered":"","protected":false},"excerpt":{"rendered":"<div class=\"textarea-origen col-xs-12 col-sm-6\">\n<div>\n<div>\n<div>Et presentem la incre\u00efble combinaci\u00f3 de Mel amb Nous de la casa Alemany 1879.\u00a0 Les nous s\u00f3n una fruita seca rica en \u00e0cids grassos i calci que es recomana consumir di\u00e0riament. La mel potencia el seu efecte saciant i recuperador.\u00a0 \u00a0 Aquest producte \u00e9s les postres de sempre! <strong>Perfecte per a combinar amb formatges i postres l\u00e0cties.<\/strong> Producte lliure de gluten i apte per a cel\u00edacs.<\/div>\n<\/div>\n<\/div>\n<\/div>\n<p style=\"text-align: center\"><strong>Origen<\/strong><\/p>\n<p style=\"text-align: center\">Mel: Catalunya, Arag\u00f3 i Val\u00e8ncia amb Nous: Catalunya<\/p>\n<p style=\"text-align: center\"><strong>Color<\/strong><\/p>\n<p style=\"text-align: center\">Clar<\/p>\n<p style=\"text-align: center\"><strong>Aroma<\/strong><\/p>\n<p style=\"text-align: center\">Floral, intensa i persistent i amb caracter\u00edstiques de les nous.\u00a0<\/p>\n<p style=\"text-align: center\"><strong>Sabor<\/strong><\/p>\n<p style=\"text-align: center\">Dol\u00e7 suau i caracter\u00edstic de les nous.\u00a0<\/p>\n<ul>\n<li>Nous de la regi\u00f3<\/li>\n<li>Mel de collita pr\u00f2pia\u00a0<\/li>\n<li>Ric en calci i \u00e0cids grassos\u00a0<\/li>\n<li>Ingredients mediterranis<\/li>\n<li>Sense gluten y sense lactosa<\/li>\n<\/ul>\n","protected":false},"featured_media":33280,"comment_status":"closed","ping_status":"closed","template":"","meta":{"_acf_changed":false},"product_cat":[112],"product_tag":[456,632],"class_list":["post-8660","product","type-product","status-publish","has-post-thumbnail","product_cat-marques-amigues","product_tag-sense-gluten","product_tag-sin-gluten","pa_marca-mieles-alemany-1879-ca","pa_tipologia-mel","first","instock","taxable","shipping-taxable","purchasable","product-type-variable","has-default-attributes"],"acf":[],"yoast_head":"<!-- This site is optimized with the Yoast SEO plugin v28.3 - https:\/\/yoast.com\/product\/yoast-seo-wordpress\/ -->\n<title>Mel amb nous - La Granja Foods<\/title>\n<meta name=\"robots\" content=\"index, follow, max-snippet:-1, max-image-preview:large, max-video-preview:-1\" \/>\n<link rel=\"canonical\" href=\"https:\/\/lagranjafoods.com\/ca\/producte\/mel-amb-nous\/\" \/>\n<meta property=\"og:locale\" content=\"ca_ES\" \/>\n<meta property=\"og:type\" content=\"article\" \/>\n<meta property=\"og:title\" content=\"Mel amb nous - La Granja Foods\" \/>\n<meta property=\"og:description\" content=\"Et presentem la incre\u00efble combinaci\u00f3 de Mel amb Nous de la casa Alemany 1879.\u00a0 Les nous s\u00f3n una fruita seca rica en \u00e0cids grassos i calci que es recomana consumir di\u00e0riament. La mel potencia el seu efecte saciant i recuperador.\u00a0 \u00a0 Aquest producte \u00e9s les postres de sempre! Perfecte per a combinar amb formatges i postres l\u00e0cties. Producte lliure de gluten i apte per a cel\u00edacs.  Origen Mel: Catalunya, Arag\u00f3 i Val\u00e8ncia amb Nous: Catalunya Color Clar Aroma Floral, intensa i persistent i amb caracter\u00edstiques de les nous.\u00a0 Sabor Dol\u00e7 suau i caracter\u00edstic de les nous.\u00a0   Nous de la regi\u00f3  Mel de collita pr\u00f2pia\u00a0  Ric en calci i \u00e0cids grassos\u00a0  Ingredients mediterranis  Sense gluten y sense lactosa\" \/>\n<meta property=\"og:url\" content=\"https:\/\/lagranjafoods.com\/ca\/producte\/mel-amb-nous\/\" \/>\n<meta property=\"og:site_name\" content=\"La Granja Foods\" \/>\n<meta property=\"article:modified_time\" content=\"2026-05-29T10:32:43+00:00\" \/>\n<meta property=\"og:image\" content=\"https:\/\/lagranjafoods.com\/wp-content\/uploads\/Miel-con-nueces-I.jpg\" \/>\n\t<meta property=\"og:image:width\" content=\"1692\" \/>\n\t<meta property=\"og:image:height\" content=\"2022\" \/>\n\t<meta property=\"og:image:type\" content=\"image\/jpeg\" \/>\n<meta name=\"twitter:card\" content=\"summary_large_image\" \/>\n<script type=\"application\/ld+json\" class=\"yoast-schema-graph\">{\"@context\":\"https:\\\/\\\/schema.org\",\"@graph\":[{\"@type\":\"WebPage\",\"@id\":\"https:\\\/\\\/lagranjafoods.com\\\/ca\\\/producte\\\/mel-amb-nous\\\/\",\"url\":\"https:\\\/\\\/lagranjafoods.com\\\/ca\\\/producte\\\/mel-amb-nous\\\/\",\"name\":\"Mel amb nous - La Granja Foods\",\"isPartOf\":{\"@id\":\"https:\\\/\\\/lagranjafoods.com\\\/ca\\\/#website\"},\"primaryImageOfPage\":{\"@id\":\"https:\\\/\\\/lagranjafoods.com\\\/ca\\\/producte\\\/mel-amb-nous\\\/#primaryimage\"},\"image\":{\"@id\":\"https:\\\/\\\/lagranjafoods.com\\\/ca\\\/producte\\\/mel-amb-nous\\\/#primaryimage\"},\"thumbnailUrl\":\"https:\\\/\\\/lagranjafoods.com\\\/wp-content\\\/uploads\\\/Miel-con-nueces-I.jpg\",\"datePublished\":\"2024-06-06T12:38:17+00:00\",\"dateModified\":\"2026-05-29T10:32:43+00:00\",\"breadcrumb\":{\"@id\":\"https:\\\/\\\/lagranjafoods.com\\\/ca\\\/producte\\\/mel-amb-nous\\\/#breadcrumb\"},\"inLanguage\":\"ca\",\"potentialAction\":[{\"@type\":\"ReadAction\",\"target\":[\"https:\\\/\\\/lagranjafoods.com\\\/ca\\\/producte\\\/mel-amb-nous\\\/\"]}]},{\"@type\":\"ImageObject\",\"inLanguage\":\"ca\",\"@id\":\"https:\\\/\\\/lagranjafoods.com\\\/ca\\\/producte\\\/mel-amb-nous\\\/#primaryimage\",\"url\":\"https:\\\/\\\/lagranjafoods.com\\\/wp-content\\\/uploads\\\/Miel-con-nueces-I.jpg\",\"contentUrl\":\"https:\\\/\\\/lagranjafoods.com\\\/wp-content\\\/uploads\\\/Miel-con-nueces-I.jpg\",\"width\":1692,\"height\":2022},{\"@type\":\"BreadcrumbList\",\"@id\":\"https:\\\/\\\/lagranjafoods.com\\\/ca\\\/producte\\\/mel-amb-nous\\\/#breadcrumb\",\"itemListElement\":[{\"@type\":\"ListItem\",\"position\":1,\"name\":\"Portada\",\"item\":\"https:\\\/\\\/lagranjafoods.com\\\/ca\\\/\"},{\"@type\":\"ListItem\",\"position\":2,\"name\":\"Productes\",\"item\":\"https:\\\/\\\/lagranjafoods.com\\\/ca\\\/productes\\\/\"},{\"@type\":\"ListItem\",\"position\":3,\"name\":\"Mel amb nous\"}]},{\"@type\":\"WebSite\",\"@id\":\"https:\\\/\\\/lagranjafoods.com\\\/ca\\\/#website\",\"url\":\"https:\\\/\\\/lagranjafoods.com\\\/ca\\\/\",\"name\":\"La Granja Foods\",\"description\":\"\u00a1Benvinguts a La Granja! Qualitat, sabor i frescor des de 1959.\",\"publisher\":{\"@id\":\"https:\\\/\\\/lagranjafoods.com\\\/ca\\\/#organization\"},\"potentialAction\":[{\"@type\":\"SearchAction\",\"target\":{\"@type\":\"EntryPoint\",\"urlTemplate\":\"https:\\\/\\\/lagranjafoods.com\\\/ca\\\/?s={search_term_string}\"},\"query-input\":{\"@type\":\"PropertyValueSpecification\",\"valueRequired\":true,\"valueName\":\"search_term_string\"}}],\"inLanguage\":\"ca\"},{\"@type\":\"Organization\",\"@id\":\"https:\\\/\\\/lagranjafoods.com\\\/ca\\\/#organization\",\"name\":\"La Granja Foods\",\"url\":\"https:\\\/\\\/lagranjafoods.com\\\/ca\\\/\",\"logo\":{\"@type\":\"ImageObject\",\"inLanguage\":\"ca\",\"@id\":\"https:\\\/\\\/lagranjafoods.com\\\/ca\\\/#\\\/schema\\\/logo\\\/image\\\/\",\"url\":\"https:\\\/\\\/lagranjafoods.com\\\/wp-content\\\/uploads\\\/logo-lagranjafoods.png\",\"contentUrl\":\"https:\\\/\\\/lagranjafoods.com\\\/wp-content\\\/uploads\\\/logo-lagranjafoods.png\",\"width\":539,\"height\":158,\"caption\":\"La Granja Foods \"},\"image\":{\"@id\":\"https:\\\/\\\/lagranjafoods.com\\\/ca\\\/#\\\/schema\\\/logo\\\/image\\\/\"}}]}<\/script>\n<!-- \/ Yoast SEO plugin. -->","yoast_head_json":{"title":"Mel amb nous - La Granja Foods","robots":{"index":"index","follow":"follow","max-snippet":"max-snippet:-1","max-image-preview":"max-image-preview:large","max-video-preview":"max-video-preview:-1"},"canonical":"https:\/\/lagranjafoods.com\/ca\/producte\/mel-amb-nous\/","og_locale":"ca_ES","og_type":"article","og_title":"Mel amb nous - La Granja Foods","og_description":"Et presentem la incre\u00efble combinaci\u00f3 de Mel amb Nous de la casa Alemany 1879.\u00a0 Les nous s\u00f3n una fruita seca rica en \u00e0cids grassos i calci que es recomana consumir di\u00e0riament. La mel potencia el seu efecte saciant i recuperador.\u00a0 \u00a0 Aquest producte \u00e9s les postres de sempre! Perfecte per a combinar amb formatges i postres l\u00e0cties. Producte lliure de gluten i apte per a cel\u00edacs.  Origen Mel: Catalunya, Arag\u00f3 i Val\u00e8ncia amb Nous: Catalunya Color Clar Aroma Floral, intensa i persistent i amb caracter\u00edstiques de les nous.\u00a0 Sabor Dol\u00e7 suau i caracter\u00edstic de les nous.\u00a0   Nous de la regi\u00f3  Mel de collita pr\u00f2pia\u00a0  Ric en calci i \u00e0cids grassos\u00a0  Ingredients mediterranis  Sense gluten y sense lactosa","og_url":"https:\/\/lagranjafoods.com\/ca\/producte\/mel-amb-nous\/","og_site_name":"La Granja Foods","article_modified_time":"2026-05-29T10:32:43+00:00","og_image":[{"width":1692,"height":2022,"url":"https:\/\/lagranjafoods.com\/wp-content\/uploads\/Miel-con-nueces-I.jpg","type":"image\/jpeg"}],"twitter_card":"summary_large_image","schema":{"@context":"https:\/\/schema.org","@graph":[{"@type":"WebPage","@id":"https:\/\/lagranjafoods.com\/ca\/producte\/mel-amb-nous\/","url":"https:\/\/lagranjafoods.com\/ca\/producte\/mel-amb-nous\/","name":"Mel amb nous - La Granja Foods","isPartOf":{"@id":"https:\/\/lagranjafoods.com\/ca\/#website"},"primaryImageOfPage":{"@id":"https:\/\/lagranjafoods.com\/ca\/producte\/mel-amb-nous\/#primaryimage"},"image":{"@id":"https:\/\/lagranjafoods.com\/ca\/producte\/mel-amb-nous\/#primaryimage"},"thumbnailUrl":"https:\/\/lagranjafoods.com\/wp-content\/uploads\/Miel-con-nueces-I.jpg","datePublished":"2024-06-06T12:38:17+00:00","dateModified":"2026-05-29T10:32:43+00:00","breadcrumb":{"@id":"https:\/\/lagranjafoods.com\/ca\/producte\/mel-amb-nous\/#breadcrumb"},"inLanguage":"ca","potentialAction":[{"@type":"ReadAction","target":["https:\/\/lagranjafoods.com\/ca\/producte\/mel-amb-nous\/"]}]},{"@type":"ImageObject","inLanguage":"ca","@id":"https:\/\/lagranjafoods.com\/ca\/producte\/mel-amb-nous\/#primaryimage","url":"https:\/\/lagranjafoods.com\/wp-content\/uploads\/Miel-con-nueces-I.jpg","contentUrl":"https:\/\/lagranjafoods.com\/wp-content\/uploads\/Miel-con-nueces-I.jpg","width":1692,"height":2022},{"@type":"BreadcrumbList","@id":"https:\/\/lagranjafoods.com\/ca\/producte\/mel-amb-nous\/#breadcrumb","itemListElement":[{"@type":"ListItem","position":1,"name":"Portada","item":"https:\/\/lagranjafoods.com\/ca\/"},{"@type":"ListItem","position":2,"name":"Productes","item":"https:\/\/lagranjafoods.com\/ca\/productes\/"},{"@type":"ListItem","position":3,"name":"Mel amb nous"}]},{"@type":"WebSite","@id":"https:\/\/lagranjafoods.com\/ca\/#website","url":"https:\/\/lagranjafoods.com\/ca\/","name":"La Granja Foods","description":"\u00a1Benvinguts a La Granja! Qualitat, sabor i frescor des de 1959.","publisher":{"@id":"https:\/\/lagranjafoods.com\/ca\/#organization"},"potentialAction":[{"@type":"SearchAction","target":{"@type":"EntryPoint","urlTemplate":"https:\/\/lagranjafoods.com\/ca\/?s={search_term_string}"},"query-input":{"@type":"PropertyValueSpecification","valueRequired":true,"valueName":"search_term_string"}}],"inLanguage":"ca"},{"@type":"Organization","@id":"https:\/\/lagranjafoods.com\/ca\/#organization","name":"La Granja Foods","url":"https:\/\/lagranjafoods.com\/ca\/","logo":{"@type":"ImageObject","inLanguage":"ca","@id":"https:\/\/lagranjafoods.com\/ca\/#\/schema\/logo\/image\/","url":"https:\/\/lagranjafoods.com\/wp-content\/uploads\/logo-lagranjafoods.png","contentUrl":"https:\/\/lagranjafoods.com\/wp-content\/uploads\/logo-lagranjafoods.png","width":539,"height":158,"caption":"La Granja Foods "},"image":{"@id":"https:\/\/lagranjafoods.com\/ca\/#\/schema\/logo\/image\/"}}]}},"_links":{"self":[{"href":"https:\/\/lagranjafoods.com\/ca\/wp-json\/wp\/v2\/product\/8660","targetHints":{"allow":["GET"]}}],"collection":[{"href":"https:\/\/lagranjafoods.com\/ca\/wp-json\/wp\/v2\/product"}],"about":[{"href":"https:\/\/lagranjafoods.com\/ca\/wp-json\/wp\/v2\/types\/product"}],"replies":[{"embeddable":true,"href":"https:\/\/lagranjafoods.com\/ca\/wp-json\/wp\/v2\/comments?post=8660"}],"wp:featuredmedia":[{"embeddable":true,"href":"https:\/\/lagranjafoods.com\/ca\/wp-json\/wp\/v2\/media\/33280"}],"wp:attachment":[{"href":"https:\/\/lagranjafoods.com\/ca\/wp-json\/wp\/v2\/media?parent=8660"}],"wp:term":[{"taxonomy":"product_cat","embeddable":true,"href":"https:\/\/lagranjafoods.com\/ca\/wp-json\/wp\/v2\/product_cat?post=8660"},{"taxonomy":"product_tag","embeddable":true,"href":"https:\/\/lagranjafoods.com\/ca\/wp-json\/wp\/v2\/product_tag?post=8660"}],"curies":[{"name":"wp","href":"https:\/\/api.w.org\/{rel}","templated":true}]}}

<div class="textarea-origen col-xs-12 col-sm-6">
<div>
<div>
<div>Et presentem la increïble combinació de Mel amb Nous de la casa Alemany 1879.  Les nous són una fruita seca rica en àcids grassos i calci que es recomana consumir diàriament. La mel potencia el seu efecte saciant i recuperador.    Aquest producte és les postres de sempre! <strong>Perfecte per a combinar amb formatges i postres làcties.</strong> Producte lliure de gluten i apte per a celíacs.</div>
</div>
</div>
</div>
<p style="text-align: center"><strong>Origen</strong></p>
<p style="text-align: center">Mel: Catalunya, Aragó i València amb Nous: Catalunya</p>
<p style="text-align: center"><strong>Color</strong></p>
<p style="text-align: center">Clar</p>
<p style="text-align: center"><strong>Aroma</strong></p>
<p style="text-align: center">Floral, intensa i persistent i amb característiques de les nous. </p>
<p style="text-align: center"><strong>Sabor</strong></p>
<p style="text-align: center">Dolç suau i característic de les nous. </p>
<ul>
<li>Nous de la regió</li>
<li>Mel de collita pròpia </li>
<li>Ric en calci i àcids grassos </li>
<li>Ingredients mediterranis</li>
<li>Sense gluten y sense lactosa</li>
</ul>

<!-- This site is optimized with the Yoast SEO plugin v28.3 - https://yoast.com/product/yoast-seo-wordpress/ -->
<title>Mel amb nous - La Granja Foods</title>
<meta name="robots" content="index, follow, max-snippet:-1, max-image-preview:large, max-video-preview:-1" />
<link rel="canonical" href="https://lagranjafoods.com/ca/producte/mel-amb-nous/" />
<meta property="og:locale" content="ca_ES" />
<meta property="og:type" content="article" />
<meta property="og:title" content="Mel amb nous - La Granja Foods" />
<meta property="og:description" content="Et presentem la increïble combinació de Mel amb Nous de la casa Alemany 1879.  Les nous són una fruita seca rica en àcids grassos i calci que es recomana consumir diàriament. La mel potencia el seu efecte saciant i recuperador.    Aquest producte és les postres de sempre! Perfecte per a combinar amb formatges i postres làcties. Producte lliure de gluten i apte per a celíacs.  Origen Mel: Catalunya, Aragó i València amb Nous: Catalunya Color Clar Aroma Floral, intensa i persistent i amb característiques de les nous.  Sabor Dolç suau i característic de les nous.    Nous de la regió  Mel de collita pròpia   Ric en calci i àcids grassos   Ingredients mediterranis  Sense gluten y sense lactosa" />
<meta property="og:url" content="https://lagranjafoods.com/ca/producte/mel-amb-nous/" />
<meta property="og:site_name" content="La Granja Foods" />
<meta property="article:modified_time" content="2026-05-29T10:32:43+00:00" />
<meta property="og:image" content="https://lagranjafoods.com/wp-content/uploads/Miel-con-nueces-I.jpg" />
	<meta property="og:image:width" content="1692" />
	<meta property="og:image:height" content="2022" />
	<meta property="og:image:type" content="image/jpeg" />
<meta name="twitter:card" content="summary_large_image" />
<script type="application/ld+json" class="yoast-schema-graph">{"@context":"https:\/\/schema.org","@graph":[{"@type":"WebPage","@id":"https:\/\/lagranjafoods.com\/ca\/producte\/mel-amb-nous\/","url":"https:\/\/lagranjafoods.com\/ca\/producte\/mel-amb-nous\/","name":"Mel amb nous - La Granja Foods","isPartOf":{"@id":"https:\/\/lagranjafoods.com\/ca\/#website"},"primaryImageOfPage":{"@id":"https:\/\/lagranjafoods.com\/ca\/producte\/mel-amb-nous\/#primaryimage"},"image":{"@id":"https:\/\/lagranjafoods.com\/ca\/producte\/mel-amb-nous\/#primaryimage"},"thumbnailUrl":"https:\/\/lagranjafoods.com\/wp-content\/uploads\/Miel-con-nueces-I.jpg","datePublished":"2024-06-06T12:38:17+00:00","dateModified":"2026-05-29T10:32:43+00:00","breadcrumb":{"@id":"https:\/\/lagranjafoods.com\/ca\/producte\/mel-amb-nous\/#breadcrumb"},"inLanguage":"ca","potentialAction":[{"@type":"ReadAction","target":["https:\/\/lagranjafoods.com\/ca\/producte\/mel-amb-nous\/"]}]},{"@type":"ImageObject","inLanguage":"ca","@id":"https:\/\/lagranjafoods.com\/ca\/producte\/mel-amb-nous\/#primaryimage","url":"https:\/\/lagranjafoods.com\/wp-content\/uploads\/Miel-con-nueces-I.jpg","contentUrl":"https:\/\/lagranjafoods.com\/wp-content\/uploads\/Miel-con-nueces-I.jpg","width":1692,"height":2022},{"@type":"BreadcrumbList","@id":"https:\/\/lagranjafoods.com\/ca\/producte\/mel-amb-nous\/#breadcrumb","itemListElement":[{"@type":"ListItem","position":1,"name":"Portada","item":"https:\/\/lagranjafoods.com\/ca\/"},{"@type":"ListItem","position":2,"name":"Productes","item":"https:\/\/lagranjafoods.com\/ca\/productes\/"},{"@type":"ListItem","position":3,"name":"Mel amb nous"}]},{"@type":"WebSite","@id":"https:\/\/lagranjafoods.com\/ca\/#website","url":"https:\/\/lagranjafoods.com\/ca\/","name":"La Granja Foods","description":"¡Benvinguts a La Granja! Qualitat, sabor i frescor des de 1959.","publisher":{"@id":"https:\/\/lagranjafoods.com\/ca\/#organization"},"potentialAction":[{"@type":"SearchAction","target":{"@type":"EntryPoint","urlTemplate":"https:\/\/lagranjafoods.com\/ca\/?s={search_term_string}"},"query-input":{"@type":"PropertyValueSpecification","valueRequired":true,"valueName":"search_term_string"}}],"inLanguage":"ca"},{"@type":"Organization","@id":"https:\/\/lagranjafoods.com\/ca\/#organization","name":"La Granja Foods","url":"https:\/\/lagranjafoods.com\/ca\/","logo":{"@type":"ImageObject","inLanguage":"ca","@id":"https:\/\/lagranjafoods.com\/ca\/#\/schema\/logo\/image\/","url":"https:\/\/lagranjafoods.com\/wp-content\/uploads\/logo-lagranjafoods.png","contentUrl":"https:\/\/lagranjafoods.com\/wp-content\/uploads\/logo-lagranjafoods.png","width":539,"height":158,"caption":"La Granja Foods "},"image":{"@id":"https:\/\/lagranjafoods.com\/ca\/#\/schema\/logo\/image\/"}}]}</script>
<!-- / Yoast SEO plugin. -->

Et presentem la increïble combinació de Mel amb Nous de la casa Alemany 1879.  Les nous són una fruita seca rica en àcids grassos i calci que es recomana consumir diàriament. La mel potencia el seu efecte saciant i recuperador.    Aquest producte és les postres de sempre! Perfecte per a combinar amb formatges i postres làcties. Producte lliure de gluten i apte per a celíacs.  Origen Mel: Catalunya, Aragó i València amb Nous: Catalunya Color Clar Aroma Floral, intensa i persistent i amb característiques de les nous.  Sabor Dolç suau i característic de les nous.    Nous de la regió  Mel de collita pròpia   Ric en calci i àcids grassos   Ingredients mediterranis  Sense gluten y sense lactosa
