{"id":8640,"date":"2024-06-06T14:38:17","date_gmt":"2024-06-06T12:38:17","guid":{"rendered":"http:\/\/lagranjafoods.com\/product\/vinagre-de-poma-ecologic-amb-mel-de-lavanda\/"},"modified":"2026-05-29T12:32:42","modified_gmt":"2026-05-29T10:32:42","slug":"vinagre-de-poma-ecologic-amb-mel-de-lavanda","status":"publish","type":"product","link":"https:\/\/lagranjafoods.com\/ca\/producte\/vinagre-de-poma-ecologic-amb-mel-de-lavanda\/","title":{"rendered":"Vinagre de poma ecol\u00f2gic amb mel de lavanda"},"content":{"rendered":"","protected":false},"excerpt":{"rendered":"<div class=\"textarea-origen col-xs-12 col-sm-6\">\n<div>\n<div>\n<div>Et presentem el Vinagre de Poma Ecol\u00f2gic amb Mel de Lavanda de la casa Alemany 1879.<\/div>\n<div><\/div>\n<div><strong>El Vinagre ecol\u00f2gic d&#8217;Alemany 1979 \u00e9s obtingut del suc de les pomes de la Plana de Lleida i es combina amb mel de lavanda del cultiu ecol\u00f2gic<\/strong>.<\/div>\n<div><\/div>\n<div>Cont\u00e9 la mare del vinagre ja que no est\u00e0 filtrat ni pasteuritzat. Sense sulfits. En aquest excepcional vinagre destaca la seva acidesa suau i sed\u00f3s.<\/div>\n<div><\/div>\n<div>Es tracta d&#8217;un projecte cooperatiu de tres empreses familiars lleidatanes: BADIA VINAGRE, CAL VALLS I ALEMANY 1979. \u00a0 Producte lliure de gluten i apte per a cel\u00edacs.<\/div>\n<\/div>\n<\/div>\n<\/div>\n<div class=\"textarea-desti col-xs-12 col-sm-6\">\n<div><\/div>\n<ul>\n<li class=\"form-control second-textarea\">Pomes de la Plana de Lleida<\/li>\n<li class=\"form-control second-textarea\">Lavanda de cultiu ecol\u00f2gic<\/li>\n<li class=\"form-control second-textarea\">No est\u00e0 filtrat ni pasteuritzat<\/li>\n<li class=\"form-control second-textarea\">Sense sulfits<\/li>\n<li class=\"form-control second-textarea\">Sense gluten i sense lactosa<\/li>\n<\/ul>\n<\/div>\n","protected":false},"featured_media":33292,"comment_status":"closed","ping_status":"closed","template":"","meta":{"_acf_changed":false},"product_cat":[112],"product_tag":[417],"class_list":["post-8640","product","type-product","status-publish","has-post-thumbnail","product_cat-marques-amigues","product_tag-eco-ca","pa_marca-la-granja-ca","pa_marca-mieles-alemany-1879-ca","pa_tipologia-vinagre-ca","first","instock","taxable","shipping-taxable","purchasable","product-type-variable","has-default-attributes"],"acf":[],"yoast_head":"<!-- This site is optimized with the Yoast SEO plugin v28.3 - https:\/\/yoast.com\/product\/yoast-seo-wordpress\/ -->\n<title>Vinagre de poma ecol\u00f2gic amb mel de lavanda - La Granja Foods<\/title>\n<meta name=\"robots\" content=\"index, follow, max-snippet:-1, max-image-preview:large, max-video-preview:-1\" \/>\n<link rel=\"canonical\" href=\"https:\/\/lagranjafoods.com\/ca\/producte\/vinagre-de-poma-ecologic-amb-mel-de-lavanda\/\" \/>\n<meta property=\"og:locale\" content=\"ca_ES\" \/>\n<meta property=\"og:type\" content=\"article\" \/>\n<meta property=\"og:title\" content=\"Vinagre de poma ecol\u00f2gic amb mel de lavanda - La Granja Foods\" \/>\n<meta property=\"og:description\" content=\"Et presentem el Vinagre de Poma Ecol\u00f2gic amb Mel de Lavanda de la casa Alemany 1879. El Vinagre ecol\u00f2gic d&#039;Alemany 1979 \u00e9s obtingut del suc de les pomes de la Plana de Lleida i es combina amb mel de lavanda del cultiu ecol\u00f2gic. Cont\u00e9 la mare del vinagre ja que no est\u00e0 filtrat ni pasteuritzat. Sense sulfits. En aquest excepcional vinagre destaca la seva acidesa suau i sed\u00f3s. Es tracta d&#039;un projecte cooperatiu de tres empreses familiars lleidatanes: BADIA VINAGRE, CAL VALLS I ALEMANY 1979. \u00a0 Producte lliure de gluten i apte per a cel\u00edacs.     Pomes de la Plana de Lleida  Lavanda de cultiu ecol\u00f2gic  No est\u00e0 filtrat ni pasteuritzat  Sense sulfits  Sense gluten i sense lactosa\" \/>\n<meta property=\"og:url\" content=\"https:\/\/lagranjafoods.com\/ca\/producte\/vinagre-de-poma-ecologic-amb-mel-de-lavanda\/\" \/>\n<meta property=\"og:site_name\" content=\"La Granja Foods\" \/>\n<meta property=\"article:modified_time\" content=\"2026-05-29T10:32:42+00:00\" \/>\n<meta property=\"og:image\" content=\"https:\/\/lagranjafoods.com\/wp-content\/uploads\/Vinagre-de-miel.jpg\" \/>\n\t<meta property=\"og:image:width\" content=\"1692\" \/>\n\t<meta property=\"og:image:height\" content=\"2022\" \/>\n\t<meta property=\"og:image:type\" content=\"image\/jpeg\" \/>\n<meta name=\"twitter:card\" content=\"summary_large_image\" \/>\n<script type=\"application\/ld+json\" class=\"yoast-schema-graph\">{\"@context\":\"https:\\\/\\\/schema.org\",\"@graph\":[{\"@type\":\"WebPage\",\"@id\":\"https:\\\/\\\/lagranjafoods.com\\\/ca\\\/producte\\\/vinagre-de-poma-ecologic-amb-mel-de-lavanda\\\/\",\"url\":\"https:\\\/\\\/lagranjafoods.com\\\/ca\\\/producte\\\/vinagre-de-poma-ecologic-amb-mel-de-lavanda\\\/\",\"name\":\"Vinagre de poma ecol\u00f2gic amb mel de lavanda - La Granja Foods\",\"isPartOf\":{\"@id\":\"https:\\\/\\\/lagranjafoods.com\\\/ca\\\/#website\"},\"primaryImageOfPage\":{\"@id\":\"https:\\\/\\\/lagranjafoods.com\\\/ca\\\/producte\\\/vinagre-de-poma-ecologic-amb-mel-de-lavanda\\\/#primaryimage\"},\"image\":{\"@id\":\"https:\\\/\\\/lagranjafoods.com\\\/ca\\\/producte\\\/vinagre-de-poma-ecologic-amb-mel-de-lavanda\\\/#primaryimage\"},\"thumbnailUrl\":\"https:\\\/\\\/lagranjafoods.com\\\/wp-content\\\/uploads\\\/Vinagre-de-miel.jpg\",\"datePublished\":\"2024-06-06T12:38:17+00:00\",\"dateModified\":\"2026-05-29T10:32:42+00:00\",\"breadcrumb\":{\"@id\":\"https:\\\/\\\/lagranjafoods.com\\\/ca\\\/producte\\\/vinagre-de-poma-ecologic-amb-mel-de-lavanda\\\/#breadcrumb\"},\"inLanguage\":\"ca\",\"potentialAction\":[{\"@type\":\"ReadAction\",\"target\":[\"https:\\\/\\\/lagranjafoods.com\\\/ca\\\/producte\\\/vinagre-de-poma-ecologic-amb-mel-de-lavanda\\\/\"]}]},{\"@type\":\"ImageObject\",\"inLanguage\":\"ca\",\"@id\":\"https:\\\/\\\/lagranjafoods.com\\\/ca\\\/producte\\\/vinagre-de-poma-ecologic-amb-mel-de-lavanda\\\/#primaryimage\",\"url\":\"https:\\\/\\\/lagranjafoods.com\\\/wp-content\\\/uploads\\\/Vinagre-de-miel.jpg\",\"contentUrl\":\"https:\\\/\\\/lagranjafoods.com\\\/wp-content\\\/uploads\\\/Vinagre-de-miel.jpg\",\"width\":1692,\"height\":2022},{\"@type\":\"BreadcrumbList\",\"@id\":\"https:\\\/\\\/lagranjafoods.com\\\/ca\\\/producte\\\/vinagre-de-poma-ecologic-amb-mel-de-lavanda\\\/#breadcrumb\",\"itemListElement\":[{\"@type\":\"ListItem\",\"position\":1,\"name\":\"Portada\",\"item\":\"https:\\\/\\\/lagranjafoods.com\\\/ca\\\/\"},{\"@type\":\"ListItem\",\"position\":2,\"name\":\"Productes\",\"item\":\"https:\\\/\\\/lagranjafoods.com\\\/ca\\\/productes\\\/\"},{\"@type\":\"ListItem\",\"position\":3,\"name\":\"Vinagre de poma ecol\u00f2gic amb mel de lavanda\"}]},{\"@type\":\"WebSite\",\"@id\":\"https:\\\/\\\/lagranjafoods.com\\\/ca\\\/#website\",\"url\":\"https:\\\/\\\/lagranjafoods.com\\\/ca\\\/\",\"name\":\"La Granja Foods\",\"description\":\"\u00a1Benvinguts a La Granja! Qualitat, sabor i frescor des de 1959.\",\"publisher\":{\"@id\":\"https:\\\/\\\/lagranjafoods.com\\\/ca\\\/#organization\"},\"potentialAction\":[{\"@type\":\"SearchAction\",\"target\":{\"@type\":\"EntryPoint\",\"urlTemplate\":\"https:\\\/\\\/lagranjafoods.com\\\/ca\\\/?s={search_term_string}\"},\"query-input\":{\"@type\":\"PropertyValueSpecification\",\"valueRequired\":true,\"valueName\":\"search_term_string\"}}],\"inLanguage\":\"ca\"},{\"@type\":\"Organization\",\"@id\":\"https:\\\/\\\/lagranjafoods.com\\\/ca\\\/#organization\",\"name\":\"La Granja Foods\",\"url\":\"https:\\\/\\\/lagranjafoods.com\\\/ca\\\/\",\"logo\":{\"@type\":\"ImageObject\",\"inLanguage\":\"ca\",\"@id\":\"https:\\\/\\\/lagranjafoods.com\\\/ca\\\/#\\\/schema\\\/logo\\\/image\\\/\",\"url\":\"https:\\\/\\\/lagranjafoods.com\\\/wp-content\\\/uploads\\\/logo-lagranjafoods.png\",\"contentUrl\":\"https:\\\/\\\/lagranjafoods.com\\\/wp-content\\\/uploads\\\/logo-lagranjafoods.png\",\"width\":539,\"height\":158,\"caption\":\"La Granja Foods \"},\"image\":{\"@id\":\"https:\\\/\\\/lagranjafoods.com\\\/ca\\\/#\\\/schema\\\/logo\\\/image\\\/\"}}]}<\/script>\n<!-- \/ Yoast SEO plugin. -->","yoast_head_json":{"title":"Vinagre de poma ecol\u00f2gic amb mel de lavanda - La Granja Foods","robots":{"index":"index","follow":"follow","max-snippet":"max-snippet:-1","max-image-preview":"max-image-preview:large","max-video-preview":"max-video-preview:-1"},"canonical":"https:\/\/lagranjafoods.com\/ca\/producte\/vinagre-de-poma-ecologic-amb-mel-de-lavanda\/","og_locale":"ca_ES","og_type":"article","og_title":"Vinagre de poma ecol\u00f2gic amb mel de lavanda - La Granja Foods","og_description":"Et presentem el Vinagre de Poma Ecol\u00f2gic amb Mel de Lavanda de la casa Alemany 1879. El Vinagre ecol\u00f2gic d'Alemany 1979 \u00e9s obtingut del suc de les pomes de la Plana de Lleida i es combina amb mel de lavanda del cultiu ecol\u00f2gic. Cont\u00e9 la mare del vinagre ja que no est\u00e0 filtrat ni pasteuritzat. Sense sulfits. En aquest excepcional vinagre destaca la seva acidesa suau i sed\u00f3s. Es tracta d'un projecte cooperatiu de tres empreses familiars lleidatanes: BADIA VINAGRE, CAL VALLS I ALEMANY 1979. \u00a0 Producte lliure de gluten i apte per a cel\u00edacs.     Pomes de la Plana de Lleida  Lavanda de cultiu ecol\u00f2gic  No est\u00e0 filtrat ni pasteuritzat  Sense sulfits  Sense gluten i sense lactosa","og_url":"https:\/\/lagranjafoods.com\/ca\/producte\/vinagre-de-poma-ecologic-amb-mel-de-lavanda\/","og_site_name":"La Granja Foods","article_modified_time":"2026-05-29T10:32:42+00:00","og_image":[{"width":1692,"height":2022,"url":"https:\/\/lagranjafoods.com\/wp-content\/uploads\/Vinagre-de-miel.jpg","type":"image\/jpeg"}],"twitter_card":"summary_large_image","schema":{"@context":"https:\/\/schema.org","@graph":[{"@type":"WebPage","@id":"https:\/\/lagranjafoods.com\/ca\/producte\/vinagre-de-poma-ecologic-amb-mel-de-lavanda\/","url":"https:\/\/lagranjafoods.com\/ca\/producte\/vinagre-de-poma-ecologic-amb-mel-de-lavanda\/","name":"Vinagre de poma ecol\u00f2gic amb mel de lavanda - La Granja Foods","isPartOf":{"@id":"https:\/\/lagranjafoods.com\/ca\/#website"},"primaryImageOfPage":{"@id":"https:\/\/lagranjafoods.com\/ca\/producte\/vinagre-de-poma-ecologic-amb-mel-de-lavanda\/#primaryimage"},"image":{"@id":"https:\/\/lagranjafoods.com\/ca\/producte\/vinagre-de-poma-ecologic-amb-mel-de-lavanda\/#primaryimage"},"thumbnailUrl":"https:\/\/lagranjafoods.com\/wp-content\/uploads\/Vinagre-de-miel.jpg","datePublished":"2024-06-06T12:38:17+00:00","dateModified":"2026-05-29T10:32:42+00:00","breadcrumb":{"@id":"https:\/\/lagranjafoods.com\/ca\/producte\/vinagre-de-poma-ecologic-amb-mel-de-lavanda\/#breadcrumb"},"inLanguage":"ca","potentialAction":[{"@type":"ReadAction","target":["https:\/\/lagranjafoods.com\/ca\/producte\/vinagre-de-poma-ecologic-amb-mel-de-lavanda\/"]}]},{"@type":"ImageObject","inLanguage":"ca","@id":"https:\/\/lagranjafoods.com\/ca\/producte\/vinagre-de-poma-ecologic-amb-mel-de-lavanda\/#primaryimage","url":"https:\/\/lagranjafoods.com\/wp-content\/uploads\/Vinagre-de-miel.jpg","contentUrl":"https:\/\/lagranjafoods.com\/wp-content\/uploads\/Vinagre-de-miel.jpg","width":1692,"height":2022},{"@type":"BreadcrumbList","@id":"https:\/\/lagranjafoods.com\/ca\/producte\/vinagre-de-poma-ecologic-amb-mel-de-lavanda\/#breadcrumb","itemListElement":[{"@type":"ListItem","position":1,"name":"Portada","item":"https:\/\/lagranjafoods.com\/ca\/"},{"@type":"ListItem","position":2,"name":"Productes","item":"https:\/\/lagranjafoods.com\/ca\/productes\/"},{"@type":"ListItem","position":3,"name":"Vinagre de poma ecol\u00f2gic amb mel de lavanda"}]},{"@type":"WebSite","@id":"https:\/\/lagranjafoods.com\/ca\/#website","url":"https:\/\/lagranjafoods.com\/ca\/","name":"La Granja Foods","description":"\u00a1Benvinguts a La Granja! Qualitat, sabor i frescor des de 1959.","publisher":{"@id":"https:\/\/lagranjafoods.com\/ca\/#organization"},"potentialAction":[{"@type":"SearchAction","target":{"@type":"EntryPoint","urlTemplate":"https:\/\/lagranjafoods.com\/ca\/?s={search_term_string}"},"query-input":{"@type":"PropertyValueSpecification","valueRequired":true,"valueName":"search_term_string"}}],"inLanguage":"ca"},{"@type":"Organization","@id":"https:\/\/lagranjafoods.com\/ca\/#organization","name":"La Granja Foods","url":"https:\/\/lagranjafoods.com\/ca\/","logo":{"@type":"ImageObject","inLanguage":"ca","@id":"https:\/\/lagranjafoods.com\/ca\/#\/schema\/logo\/image\/","url":"https:\/\/lagranjafoods.com\/wp-content\/uploads\/logo-lagranjafoods.png","contentUrl":"https:\/\/lagranjafoods.com\/wp-content\/uploads\/logo-lagranjafoods.png","width":539,"height":158,"caption":"La Granja Foods "},"image":{"@id":"https:\/\/lagranjafoods.com\/ca\/#\/schema\/logo\/image\/"}}]}},"_links":{"self":[{"href":"https:\/\/lagranjafoods.com\/ca\/wp-json\/wp\/v2\/product\/8640","targetHints":{"allow":["GET"]}}],"collection":[{"href":"https:\/\/lagranjafoods.com\/ca\/wp-json\/wp\/v2\/product"}],"about":[{"href":"https:\/\/lagranjafoods.com\/ca\/wp-json\/wp\/v2\/types\/product"}],"replies":[{"embeddable":true,"href":"https:\/\/lagranjafoods.com\/ca\/wp-json\/wp\/v2\/comments?post=8640"}],"wp:featuredmedia":[{"embeddable":true,"href":"https:\/\/lagranjafoods.com\/ca\/wp-json\/wp\/v2\/media\/33292"}],"wp:attachment":[{"href":"https:\/\/lagranjafoods.com\/ca\/wp-json\/wp\/v2\/media?parent=8640"}],"wp:term":[{"taxonomy":"product_cat","embeddable":true,"href":"https:\/\/lagranjafoods.com\/ca\/wp-json\/wp\/v2\/product_cat?post=8640"},{"taxonomy":"product_tag","embeddable":true,"href":"https:\/\/lagranjafoods.com\/ca\/wp-json\/wp\/v2\/product_tag?post=8640"}],"curies":[{"name":"wp","href":"https:\/\/api.w.org\/{rel}","templated":true}]}}

Vinagre de poma ecològic amb mel de lavanda

<div class="textarea-origen col-xs-12 col-sm-6">
<div>
<div>
<div>Et presentem el Vinagre de Poma Ecològic amb Mel de Lavanda de la casa Alemany 1879.</div>
<div></div>
<div><strong>El Vinagre ecològic d&#8217;Alemany 1979 és obtingut del suc de les pomes de la Plana de Lleida i es combina amb mel de lavanda del cultiu ecològic</strong>.</div>
<div></div>
<div>Conté la mare del vinagre ja que no està filtrat ni pasteuritzat. Sense sulfits. En aquest excepcional vinagre destaca la seva acidesa suau i sedós.</div>
<div></div>
<div>Es tracta d&#8217;un projecte cooperatiu de tres empreses familiars lleidatanes: BADIA VINAGRE, CAL VALLS I ALEMANY 1979.   Producte lliure de gluten i apte per a celíacs.</div>
</div>
</div>
</div>
<div class="textarea-desti col-xs-12 col-sm-6">
<div></div>
<ul>
<li class="form-control second-textarea">Pomes de la Plana de Lleida</li>
<li class="form-control second-textarea">Lavanda de cultiu ecològic</li>
<li class="form-control second-textarea">No està filtrat ni pasteuritzat</li>
<li class="form-control second-textarea">Sense sulfits</li>
<li class="form-control second-textarea">Sense gluten i sense lactosa</li>
</ul>
</div>

<!-- This site is optimized with the Yoast SEO plugin v28.3 - https://yoast.com/product/yoast-seo-wordpress/ -->
<title>Vinagre de poma ecològic amb mel de lavanda - La Granja Foods</title>
<meta name="robots" content="index, follow, max-snippet:-1, max-image-preview:large, max-video-preview:-1" />
<link rel="canonical" href="https://lagranjafoods.com/ca/producte/vinagre-de-poma-ecologic-amb-mel-de-lavanda/" />
<meta property="og:locale" content="ca_ES" />
<meta property="og:type" content="article" />
<meta property="og:title" content="Vinagre de poma ecològic amb mel de lavanda - La Granja Foods" />
<meta property="og:description" content="Et presentem el Vinagre de Poma Ecològic amb Mel de Lavanda de la casa Alemany 1879. El Vinagre ecològic d&#039;Alemany 1979 és obtingut del suc de les pomes de la Plana de Lleida i es combina amb mel de lavanda del cultiu ecològic. Conté la mare del vinagre ja que no està filtrat ni pasteuritzat. Sense sulfits. En aquest excepcional vinagre destaca la seva acidesa suau i sedós. Es tracta d&#039;un projecte cooperatiu de tres empreses familiars lleidatanes: BADIA VINAGRE, CAL VALLS I ALEMANY 1979.   Producte lliure de gluten i apte per a celíacs.     Pomes de la Plana de Lleida  Lavanda de cultiu ecològic  No està filtrat ni pasteuritzat  Sense sulfits  Sense gluten i sense lactosa" />
<meta property="og:url" content="https://lagranjafoods.com/ca/producte/vinagre-de-poma-ecologic-amb-mel-de-lavanda/" />
<meta property="og:site_name" content="La Granja Foods" />
<meta property="article:modified_time" content="2026-05-29T10:32:42+00:00" />
<meta property="og:image" content="https://lagranjafoods.com/wp-content/uploads/Vinagre-de-miel.jpg" />
	<meta property="og:image:width" content="1692" />
	<meta property="og:image:height" content="2022" />
	<meta property="og:image:type" content="image/jpeg" />
<meta name="twitter:card" content="summary_large_image" />
<script type="application/ld+json" class="yoast-schema-graph">{"@context":"https:\/\/schema.org","@graph":[{"@type":"WebPage","@id":"https:\/\/lagranjafoods.com\/ca\/producte\/vinagre-de-poma-ecologic-amb-mel-de-lavanda\/","url":"https:\/\/lagranjafoods.com\/ca\/producte\/vinagre-de-poma-ecologic-amb-mel-de-lavanda\/","name":"Vinagre de poma ecològic amb mel de lavanda - La Granja Foods","isPartOf":{"@id":"https:\/\/lagranjafoods.com\/ca\/#website"},"primaryImageOfPage":{"@id":"https:\/\/lagranjafoods.com\/ca\/producte\/vinagre-de-poma-ecologic-amb-mel-de-lavanda\/#primaryimage"},"image":{"@id":"https:\/\/lagranjafoods.com\/ca\/producte\/vinagre-de-poma-ecologic-amb-mel-de-lavanda\/#primaryimage"},"thumbnailUrl":"https:\/\/lagranjafoods.com\/wp-content\/uploads\/Vinagre-de-miel.jpg","datePublished":"2024-06-06T12:38:17+00:00","dateModified":"2026-05-29T10:32:42+00:00","breadcrumb":{"@id":"https:\/\/lagranjafoods.com\/ca\/producte\/vinagre-de-poma-ecologic-amb-mel-de-lavanda\/#breadcrumb"},"inLanguage":"ca","potentialAction":[{"@type":"ReadAction","target":["https:\/\/lagranjafoods.com\/ca\/producte\/vinagre-de-poma-ecologic-amb-mel-de-lavanda\/"]}]},{"@type":"ImageObject","inLanguage":"ca","@id":"https:\/\/lagranjafoods.com\/ca\/producte\/vinagre-de-poma-ecologic-amb-mel-de-lavanda\/#primaryimage","url":"https:\/\/lagranjafoods.com\/wp-content\/uploads\/Vinagre-de-miel.jpg","contentUrl":"https:\/\/lagranjafoods.com\/wp-content\/uploads\/Vinagre-de-miel.jpg","width":1692,"height":2022},{"@type":"BreadcrumbList","@id":"https:\/\/lagranjafoods.com\/ca\/producte\/vinagre-de-poma-ecologic-amb-mel-de-lavanda\/#breadcrumb","itemListElement":[{"@type":"ListItem","position":1,"name":"Portada","item":"https:\/\/lagranjafoods.com\/ca\/"},{"@type":"ListItem","position":2,"name":"Productes","item":"https:\/\/lagranjafoods.com\/ca\/productes\/"},{"@type":"ListItem","position":3,"name":"Vinagre de poma ecològic amb mel de lavanda"}]},{"@type":"WebSite","@id":"https:\/\/lagranjafoods.com\/ca\/#website","url":"https:\/\/lagranjafoods.com\/ca\/","name":"La Granja Foods","description":"¡Benvinguts a La Granja! Qualitat, sabor i frescor des de 1959.","publisher":{"@id":"https:\/\/lagranjafoods.com\/ca\/#organization"},"potentialAction":[{"@type":"SearchAction","target":{"@type":"EntryPoint","urlTemplate":"https:\/\/lagranjafoods.com\/ca\/?s={search_term_string}"},"query-input":{"@type":"PropertyValueSpecification","valueRequired":true,"valueName":"search_term_string"}}],"inLanguage":"ca"},{"@type":"Organization","@id":"https:\/\/lagranjafoods.com\/ca\/#organization","name":"La Granja Foods","url":"https:\/\/lagranjafoods.com\/ca\/","logo":{"@type":"ImageObject","inLanguage":"ca","@id":"https:\/\/lagranjafoods.com\/ca\/#\/schema\/logo\/image\/","url":"https:\/\/lagranjafoods.com\/wp-content\/uploads\/logo-lagranjafoods.png","contentUrl":"https:\/\/lagranjafoods.com\/wp-content\/uploads\/logo-lagranjafoods.png","width":539,"height":158,"caption":"La Granja Foods "},"image":{"@id":"https:\/\/lagranjafoods.com\/ca\/#\/schema\/logo\/image\/"}}]}</script>
<!-- / Yoast SEO plugin. -->

Vinagre de poma ecològic amb mel de lavanda - La Granja Foods

Et presentem el Vinagre de Poma Ecològic amb Mel de Lavanda de la casa Alemany 1879. El Vinagre ecològic d'Alemany 1979 és obtingut del suc de les pomes de la Plana de Lleida i es combina amb mel de lavanda del cultiu ecològic. Conté la mare del vinagre ja que no està filtrat ni pasteuritzat. Sense sulfits. En aquest excepcional vinagre destaca la seva acidesa suau i sedós. Es tracta d'un projecte cooperatiu de tres empreses familiars lleidatanes: BADIA VINAGRE, CAL VALLS I ALEMANY 1979.   Producte lliure de gluten i apte per a celíacs.     Pomes de la Plana de Lleida  Lavanda de cultiu ecològic  No està filtrat ni pasteuritzat  Sense sulfits  Sense gluten i sense lactosa
