{"id":8574,"date":"2024-06-06T14:08:26","date_gmt":"2024-06-06T12:08:26","guid":{"rendered":"http:\/\/lagranjafoods.com\/product\/pa-de-pessic-de-platan\/"},"modified":"2026-05-29T12:32:33","modified_gmt":"2026-05-29T10:32:33","slug":"pa-de-pessic-de-platan","status":"publish","type":"product","link":"https:\/\/lagranjafoods.com\/ca\/producte\/pa-de-pessic-de-platan\/","title":{"rendered":"Pa de pessic de pl\u00e0tan"},"content":{"rendered":"<p>Pa de pessic de pl\u00e0tan. Des del primer dia, elaborar els productes el millor que sabem i assegurar un gran sabor ha estat per a nosaltres un valor irrenunciable.<\/p>\n<p>L\u2019any 1954, els nostres avis tenien un colmado al costat de la seva petita granja de gallines. Hi venien ous al ve\u00efnat, aix\u00ed com queviures de tota mena. Un dia, la botiga es va quedar sense subministrament de magdalenes, un dels seus productes m\u00e9s populars. Per satisfer la clientela, la nostra \u00e0via va decidir enfornar la seva pr\u00f2pia recepta de magdalenes a la cuina de casa seva. L\u2019\u00e8xit va ser immens i inesperat: cada vegada en venien m\u00e9s i m\u00e9s. D\u2019aqu\u00ed va n\u00e9ixer La Granja, i vam aprendre una lli\u00e7\u00f3 que sempre hem tingut present: treballar de valent i fer les coses tan b\u00e9 com sigui possible per satisfer els nostres clients.<\/p>\n<p>Aix\u00ed va comen\u00e7ar tot, amb les primeres especialitats tradicionals que ens van donar a con\u00e8ixer, i aix\u00ed ha continuat al llarg de la nostra traject\u00f2ria, incorporant cont\u00ednuament novetats a la nostra gamma.<\/p>\n<p>Anticipar-nos a les necessitats i desitjos dels consumidors ens ha convertit en un referent de qualitat i innovaci\u00f3 en el sector de l\u2019alimentaci\u00f3. Als anys 80, La Granja va ser pionera en crear especialitats pensades per a diferents necessitats diet\u00e8tiques, que avui formen part de la nostra Gamma Diet.<\/p>\n<p>M\u00e9s endavant, vam llan\u00e7ar la Gamma Bio, elaborada \u00fanicament amb ingredients provinents de l\u2019agricultura ecol\u00f2gica. Despr\u00e9s van arribar la Gamma Vegan, per a un consum estrictament veg\u00e0, i la Gamma Sense Gluten i Sense Lactosa, amb una producci\u00f3 separada de la resta de productes.<\/p>\n<p>En els productes d\u2019aquesta nova gamma utilitzem \u00fanicament ingredients lliures de gluten, lactosa i blat de moro. Assegurem la seva no-contaminaci\u00f3 durant tot el proc\u00e9s, des d\u2019una producci\u00f3 totalment separada. Aquest producte compta amb el segell de La Espiga Barrada i el n\u00famero de llic\u00e8ncia ES-055-016, certificat per l\u2019AOECS (Associaci\u00f3 de Societats de Cel\u00edacs d\u2019Europa).<\/p>\n","protected":false},"excerpt":{"rendered":"<p>El caracter\u00edstic sabor de pl\u00e0tan fa d&#8217;aquest original pa de pessic un capritx per als sentits.<\/p>\n<ul>\n<li>Amb sucre de canya<\/li>\n<li>Pl\u00e0tan natural en pols<\/li>\n<li>Amb coco ratllat<\/li>\n<li>Elaborat amb iogurt natural fresc<\/li>\n<li>Elaborat amb ous frescos<\/li>\n<li>Enfornat lentament<\/li>\n<li>Elevada esponjositat i sabor<\/li>\n<li>Textura molt tendra<\/li>\n<li>Amb els millors ingredients i de m\u00e0xima qualitat<\/li>\n<\/ul>\n","protected":false},"featured_media":32536,"comment_status":"closed","ping_status":"closed","template":"","meta":{"_acf_changed":false},"product_cat":[105],"product_tag":[424],"class_list":["post-8574","product","type-product","status-publish","has-post-thumbnail","product_cat-tradicionals","product_tag-fruita","pa_marca-la-granja-ca","pa_tipologia-pa-de-pessic","first","instock","taxable","shipping-taxable","purchasable","product-type-variable","has-default-attributes"],"acf":[],"yoast_head":"<!-- This site is optimized with the Yoast SEO plugin v28.3 - https:\/\/yoast.com\/product\/yoast-seo-wordpress\/ -->\n<title>Pa de pessic de pl\u00e0tan - La Granja Foods<\/title>\n<meta name=\"robots\" content=\"index, follow, max-snippet:-1, max-image-preview:large, max-video-preview:-1\" \/>\n<link rel=\"canonical\" href=\"https:\/\/lagranjafoods.com\/ca\/producte\/pa-de-pessic-de-platan\/\" \/>\n<meta property=\"og:locale\" content=\"ca_ES\" \/>\n<meta property=\"og:type\" content=\"article\" \/>\n<meta property=\"og:title\" content=\"Pa de pessic de pl\u00e0tan - La Granja Foods\" \/>\n<meta property=\"og:description\" content=\"El caracter\u00edstic sabor de pl\u00e0tan fa d&#039;aquest original pa de pessic un capritx per als sentits.   Amb sucre de canya  Pl\u00e0tan natural en pols  Amb coco ratllat  Elaborat amb iogurt natural fresc  Elaborat amb ous frescos  Enfornat lentament  Elevada esponjositat i sabor  Textura molt tendra  Amb els millors ingredients i de m\u00e0xima qualitat\" \/>\n<meta property=\"og:url\" content=\"https:\/\/lagranjafoods.com\/ca\/producte\/pa-de-pessic-de-platan\/\" \/>\n<meta property=\"og:site_name\" content=\"La Granja Foods\" \/>\n<meta property=\"article:modified_time\" content=\"2026-05-29T10:32:33+00:00\" \/>\n<meta property=\"og:image\" content=\"https:\/\/lagranjafoods.com\/wp-content\/uploads\/Bizcocho_Platano_Thumbnail-1.jpg\" \/>\n\t<meta property=\"og:image:width\" content=\"1692\" \/>\n\t<meta property=\"og:image:height\" content=\"2022\" \/>\n\t<meta property=\"og:image:type\" content=\"image\/jpeg\" \/>\n<meta name=\"twitter:card\" content=\"summary_large_image\" \/>\n<meta name=\"twitter:label1\" content=\"Temps estimat de lectura\" \/>\n\t<meta name=\"twitter:data1\" content=\"2 minut\" \/>\n<script type=\"application\/ld+json\" class=\"yoast-schema-graph\">{\"@context\":\"https:\\\/\\\/schema.org\",\"@graph\":[{\"@type\":\"WebPage\",\"@id\":\"https:\\\/\\\/lagranjafoods.com\\\/ca\\\/producte\\\/pa-de-pessic-de-platan\\\/\",\"url\":\"https:\\\/\\\/lagranjafoods.com\\\/ca\\\/producte\\\/pa-de-pessic-de-platan\\\/\",\"name\":\"Pa de pessic de pl\u00e0tan - La Granja Foods\",\"isPartOf\":{\"@id\":\"https:\\\/\\\/lagranjafoods.com\\\/ca\\\/#website\"},\"primaryImageOfPage\":{\"@id\":\"https:\\\/\\\/lagranjafoods.com\\\/ca\\\/producte\\\/pa-de-pessic-de-platan\\\/#primaryimage\"},\"image\":{\"@id\":\"https:\\\/\\\/lagranjafoods.com\\\/ca\\\/producte\\\/pa-de-pessic-de-platan\\\/#primaryimage\"},\"thumbnailUrl\":\"https:\\\/\\\/lagranjafoods.com\\\/wp-content\\\/uploads\\\/Bizcocho_Platano_Thumbnail-1.jpg\",\"datePublished\":\"2024-06-06T12:08:26+00:00\",\"dateModified\":\"2026-05-29T10:32:33+00:00\",\"breadcrumb\":{\"@id\":\"https:\\\/\\\/lagranjafoods.com\\\/ca\\\/producte\\\/pa-de-pessic-de-platan\\\/#breadcrumb\"},\"inLanguage\":\"ca\",\"potentialAction\":[{\"@type\":\"ReadAction\",\"target\":[\"https:\\\/\\\/lagranjafoods.com\\\/ca\\\/producte\\\/pa-de-pessic-de-platan\\\/\"]}]},{\"@type\":\"ImageObject\",\"inLanguage\":\"ca\",\"@id\":\"https:\\\/\\\/lagranjafoods.com\\\/ca\\\/producte\\\/pa-de-pessic-de-platan\\\/#primaryimage\",\"url\":\"https:\\\/\\\/lagranjafoods.com\\\/wp-content\\\/uploads\\\/Bizcocho_Platano_Thumbnail-1.jpg\",\"contentUrl\":\"https:\\\/\\\/lagranjafoods.com\\\/wp-content\\\/uploads\\\/Bizcocho_Platano_Thumbnail-1.jpg\",\"width\":1692,\"height\":2022},{\"@type\":\"BreadcrumbList\",\"@id\":\"https:\\\/\\\/lagranjafoods.com\\\/ca\\\/producte\\\/pa-de-pessic-de-platan\\\/#breadcrumb\",\"itemListElement\":[{\"@type\":\"ListItem\",\"position\":1,\"name\":\"Portada\",\"item\":\"https:\\\/\\\/lagranjafoods.com\\\/ca\\\/\"},{\"@type\":\"ListItem\",\"position\":2,\"name\":\"Productes\",\"item\":\"https:\\\/\\\/lagranjafoods.com\\\/ca\\\/productes\\\/\"},{\"@type\":\"ListItem\",\"position\":3,\"name\":\"Pa de pessic de pl\u00e0tan\"}]},{\"@type\":\"WebSite\",\"@id\":\"https:\\\/\\\/lagranjafoods.com\\\/ca\\\/#website\",\"url\":\"https:\\\/\\\/lagranjafoods.com\\\/ca\\\/\",\"name\":\"La Granja Foods\",\"description\":\"\u00a1Benvinguts a La Granja! Qualitat, sabor i frescor des de 1959.\",\"publisher\":{\"@id\":\"https:\\\/\\\/lagranjafoods.com\\\/ca\\\/#organization\"},\"potentialAction\":[{\"@type\":\"SearchAction\",\"target\":{\"@type\":\"EntryPoint\",\"urlTemplate\":\"https:\\\/\\\/lagranjafoods.com\\\/ca\\\/?s={search_term_string}\"},\"query-input\":{\"@type\":\"PropertyValueSpecification\",\"valueRequired\":true,\"valueName\":\"search_term_string\"}}],\"inLanguage\":\"ca\"},{\"@type\":\"Organization\",\"@id\":\"https:\\\/\\\/lagranjafoods.com\\\/ca\\\/#organization\",\"name\":\"La Granja Foods\",\"url\":\"https:\\\/\\\/lagranjafoods.com\\\/ca\\\/\",\"logo\":{\"@type\":\"ImageObject\",\"inLanguage\":\"ca\",\"@id\":\"https:\\\/\\\/lagranjafoods.com\\\/ca\\\/#\\\/schema\\\/logo\\\/image\\\/\",\"url\":\"https:\\\/\\\/lagranjafoods.com\\\/wp-content\\\/uploads\\\/logo-lagranjafoods.png\",\"contentUrl\":\"https:\\\/\\\/lagranjafoods.com\\\/wp-content\\\/uploads\\\/logo-lagranjafoods.png\",\"width\":539,\"height\":158,\"caption\":\"La Granja Foods \"},\"image\":{\"@id\":\"https:\\\/\\\/lagranjafoods.com\\\/ca\\\/#\\\/schema\\\/logo\\\/image\\\/\"}}]}<\/script>\n<!-- \/ Yoast SEO plugin. -->","yoast_head_json":{"title":"Pa de pessic de pl\u00e0tan - La Granja Foods","robots":{"index":"index","follow":"follow","max-snippet":"max-snippet:-1","max-image-preview":"max-image-preview:large","max-video-preview":"max-video-preview:-1"},"canonical":"https:\/\/lagranjafoods.com\/ca\/producte\/pa-de-pessic-de-platan\/","og_locale":"ca_ES","og_type":"article","og_title":"Pa de pessic de pl\u00e0tan - La Granja Foods","og_description":"El caracter\u00edstic sabor de pl\u00e0tan fa d'aquest original pa de pessic un capritx per als sentits.   Amb sucre de canya  Pl\u00e0tan natural en pols  Amb coco ratllat  Elaborat amb iogurt natural fresc  Elaborat amb ous frescos  Enfornat lentament  Elevada esponjositat i sabor  Textura molt tendra  Amb els millors ingredients i de m\u00e0xima qualitat","og_url":"https:\/\/lagranjafoods.com\/ca\/producte\/pa-de-pessic-de-platan\/","og_site_name":"La Granja Foods","article_modified_time":"2026-05-29T10:32:33+00:00","og_image":[{"width":1692,"height":2022,"url":"https:\/\/lagranjafoods.com\/wp-content\/uploads\/Bizcocho_Platano_Thumbnail-1.jpg","type":"image\/jpeg"}],"twitter_card":"summary_large_image","twitter_misc":{"Temps estimat de lectura":"2 minut"},"schema":{"@context":"https:\/\/schema.org","@graph":[{"@type":"WebPage","@id":"https:\/\/lagranjafoods.com\/ca\/producte\/pa-de-pessic-de-platan\/","url":"https:\/\/lagranjafoods.com\/ca\/producte\/pa-de-pessic-de-platan\/","name":"Pa de pessic de pl\u00e0tan - La Granja Foods","isPartOf":{"@id":"https:\/\/lagranjafoods.com\/ca\/#website"},"primaryImageOfPage":{"@id":"https:\/\/lagranjafoods.com\/ca\/producte\/pa-de-pessic-de-platan\/#primaryimage"},"image":{"@id":"https:\/\/lagranjafoods.com\/ca\/producte\/pa-de-pessic-de-platan\/#primaryimage"},"thumbnailUrl":"https:\/\/lagranjafoods.com\/wp-content\/uploads\/Bizcocho_Platano_Thumbnail-1.jpg","datePublished":"2024-06-06T12:08:26+00:00","dateModified":"2026-05-29T10:32:33+00:00","breadcrumb":{"@id":"https:\/\/lagranjafoods.com\/ca\/producte\/pa-de-pessic-de-platan\/#breadcrumb"},"inLanguage":"ca","potentialAction":[{"@type":"ReadAction","target":["https:\/\/lagranjafoods.com\/ca\/producte\/pa-de-pessic-de-platan\/"]}]},{"@type":"ImageObject","inLanguage":"ca","@id":"https:\/\/lagranjafoods.com\/ca\/producte\/pa-de-pessic-de-platan\/#primaryimage","url":"https:\/\/lagranjafoods.com\/wp-content\/uploads\/Bizcocho_Platano_Thumbnail-1.jpg","contentUrl":"https:\/\/lagranjafoods.com\/wp-content\/uploads\/Bizcocho_Platano_Thumbnail-1.jpg","width":1692,"height":2022},{"@type":"BreadcrumbList","@id":"https:\/\/lagranjafoods.com\/ca\/producte\/pa-de-pessic-de-platan\/#breadcrumb","itemListElement":[{"@type":"ListItem","position":1,"name":"Portada","item":"https:\/\/lagranjafoods.com\/ca\/"},{"@type":"ListItem","position":2,"name":"Productes","item":"https:\/\/lagranjafoods.com\/ca\/productes\/"},{"@type":"ListItem","position":3,"name":"Pa de pessic de pl\u00e0tan"}]},{"@type":"WebSite","@id":"https:\/\/lagranjafoods.com\/ca\/#website","url":"https:\/\/lagranjafoods.com\/ca\/","name":"La Granja Foods","description":"\u00a1Benvinguts a La Granja! Qualitat, sabor i frescor des de 1959.","publisher":{"@id":"https:\/\/lagranjafoods.com\/ca\/#organization"},"potentialAction":[{"@type":"SearchAction","target":{"@type":"EntryPoint","urlTemplate":"https:\/\/lagranjafoods.com\/ca\/?s={search_term_string}"},"query-input":{"@type":"PropertyValueSpecification","valueRequired":true,"valueName":"search_term_string"}}],"inLanguage":"ca"},{"@type":"Organization","@id":"https:\/\/lagranjafoods.com\/ca\/#organization","name":"La Granja Foods","url":"https:\/\/lagranjafoods.com\/ca\/","logo":{"@type":"ImageObject","inLanguage":"ca","@id":"https:\/\/lagranjafoods.com\/ca\/#\/schema\/logo\/image\/","url":"https:\/\/lagranjafoods.com\/wp-content\/uploads\/logo-lagranjafoods.png","contentUrl":"https:\/\/lagranjafoods.com\/wp-content\/uploads\/logo-lagranjafoods.png","width":539,"height":158,"caption":"La Granja Foods "},"image":{"@id":"https:\/\/lagranjafoods.com\/ca\/#\/schema\/logo\/image\/"}}]}},"_links":{"self":[{"href":"https:\/\/lagranjafoods.com\/ca\/wp-json\/wp\/v2\/product\/8574","targetHints":{"allow":["GET"]}}],"collection":[{"href":"https:\/\/lagranjafoods.com\/ca\/wp-json\/wp\/v2\/product"}],"about":[{"href":"https:\/\/lagranjafoods.com\/ca\/wp-json\/wp\/v2\/types\/product"}],"replies":[{"embeddable":true,"href":"https:\/\/lagranjafoods.com\/ca\/wp-json\/wp\/v2\/comments?post=8574"}],"wp:featuredmedia":[{"embeddable":true,"href":"https:\/\/lagranjafoods.com\/ca\/wp-json\/wp\/v2\/media\/32536"}],"wp:attachment":[{"href":"https:\/\/lagranjafoods.com\/ca\/wp-json\/wp\/v2\/media?parent=8574"}],"wp:term":[{"taxonomy":"product_cat","embeddable":true,"href":"https:\/\/lagranjafoods.com\/ca\/wp-json\/wp\/v2\/product_cat?post=8574"},{"taxonomy":"product_tag","embeddable":true,"href":"https:\/\/lagranjafoods.com\/ca\/wp-json\/wp\/v2\/product_tag?post=8574"}],"curies":[{"name":"wp","href":"https:\/\/api.w.org\/{rel}","templated":true}]}}

Pa de pessic de plàtan

<p>Pa de pessic de plàtan. Des del primer dia, elaborar els productes el millor que sabem i assegurar un gran sabor ha estat per a nosaltres un valor irrenunciable.</p>
<p>L’any 1954, els nostres avis tenien un colmado al costat de la seva petita granja de gallines. Hi venien ous al veïnat, així com queviures de tota mena. Un dia, la botiga es va quedar sense subministrament de magdalenes, un dels seus productes més populars. Per satisfer la clientela, la nostra àvia va decidir enfornar la seva pròpia recepta de magdalenes a la cuina de casa seva. L’èxit va ser immens i inesperat: cada vegada en venien més i més. D’aquí va néixer La Granja, i vam aprendre una lliçó que sempre hem tingut present: treballar de valent i fer les coses tan bé com sigui possible per satisfer els nostres clients.</p>
<p>Així va començar tot, amb les primeres especialitats tradicionals que ens van donar a conèixer, i així ha continuat al llarg de la nostra trajectòria, incorporant contínuament novetats a la nostra gamma.</p>
<p>Anticipar-nos a les necessitats i desitjos dels consumidors ens ha convertit en un referent de qualitat i innovació en el sector de l’alimentació. Als anys 80, La Granja va ser pionera en crear especialitats pensades per a diferents necessitats dietètiques, que avui formen part de la nostra Gamma Diet.</p>
<p>Més endavant, vam llançar la Gamma Bio, elaborada únicament amb ingredients provinents de l’agricultura ecològica. Després van arribar la Gamma Vegan, per a un consum estrictament vegà, i la Gamma Sense Gluten i Sense Lactosa, amb una producció separada de la resta de productes.</p>
<p>En els productes d’aquesta nova gamma utilitzem únicament ingredients lliures de gluten, lactosa i blat de moro. Assegurem la seva no-contaminació durant tot el procés, des d’una producció totalment separada. Aquest producte compta amb el segell de La Espiga Barrada i el número de llicència ES-055-016, certificat per l’AOECS (Associació de Societats de Celíacs d’Europa).</p>

<p>El característic sabor de plàtan fa d&#8217;aquest original pa de pessic un capritx per als sentits.</p>
<ul>
<li>Amb sucre de canya</li>
<li>Plàtan natural en pols</li>
<li>Amb coco ratllat</li>
<li>Elaborat amb iogurt natural fresc</li>
<li>Elaborat amb ous frescos</li>
<li>Enfornat lentament</li>
<li>Elevada esponjositat i sabor</li>
<li>Textura molt tendra</li>
<li>Amb els millors ingredients i de màxima qualitat</li>
</ul>

<!-- This site is optimized with the Yoast SEO plugin v28.3 - https://yoast.com/product/yoast-seo-wordpress/ -->
<title>Pa de pessic de plàtan - La Granja Foods</title>
<meta name="robots" content="index, follow, max-snippet:-1, max-image-preview:large, max-video-preview:-1" />
<link rel="canonical" href="https://lagranjafoods.com/ca/producte/pa-de-pessic-de-platan/" />
<meta property="og:locale" content="ca_ES" />
<meta property="og:type" content="article" />
<meta property="og:title" content="Pa de pessic de plàtan - La Granja Foods" />
<meta property="og:description" content="El característic sabor de plàtan fa d&#039;aquest original pa de pessic un capritx per als sentits.   Amb sucre de canya  Plàtan natural en pols  Amb coco ratllat  Elaborat amb iogurt natural fresc  Elaborat amb ous frescos  Enfornat lentament  Elevada esponjositat i sabor  Textura molt tendra  Amb els millors ingredients i de màxima qualitat" />
<meta property="og:url" content="https://lagranjafoods.com/ca/producte/pa-de-pessic-de-platan/" />
<meta property="og:site_name" content="La Granja Foods" />
<meta property="article:modified_time" content="2026-05-29T10:32:33+00:00" />
<meta property="og:image" content="https://lagranjafoods.com/wp-content/uploads/Bizcocho_Platano_Thumbnail-1.jpg" />
	<meta property="og:image:width" content="1692" />
	<meta property="og:image:height" content="2022" />
	<meta property="og:image:type" content="image/jpeg" />
<meta name="twitter:card" content="summary_large_image" />
<meta name="twitter:label1" content="Temps estimat de lectura" />
	<meta name="twitter:data1" content="2 minut" />
<script type="application/ld+json" class="yoast-schema-graph">{"@context":"https:\/\/schema.org","@graph":[{"@type":"WebPage","@id":"https:\/\/lagranjafoods.com\/ca\/producte\/pa-de-pessic-de-platan\/","url":"https:\/\/lagranjafoods.com\/ca\/producte\/pa-de-pessic-de-platan\/","name":"Pa de pessic de plàtan - La Granja Foods","isPartOf":{"@id":"https:\/\/lagranjafoods.com\/ca\/#website"},"primaryImageOfPage":{"@id":"https:\/\/lagranjafoods.com\/ca\/producte\/pa-de-pessic-de-platan\/#primaryimage"},"image":{"@id":"https:\/\/lagranjafoods.com\/ca\/producte\/pa-de-pessic-de-platan\/#primaryimage"},"thumbnailUrl":"https:\/\/lagranjafoods.com\/wp-content\/uploads\/Bizcocho_Platano_Thumbnail-1.jpg","datePublished":"2024-06-06T12:08:26+00:00","dateModified":"2026-05-29T10:32:33+00:00","breadcrumb":{"@id":"https:\/\/lagranjafoods.com\/ca\/producte\/pa-de-pessic-de-platan\/#breadcrumb"},"inLanguage":"ca","potentialAction":[{"@type":"ReadAction","target":["https:\/\/lagranjafoods.com\/ca\/producte\/pa-de-pessic-de-platan\/"]}]},{"@type":"ImageObject","inLanguage":"ca","@id":"https:\/\/lagranjafoods.com\/ca\/producte\/pa-de-pessic-de-platan\/#primaryimage","url":"https:\/\/lagranjafoods.com\/wp-content\/uploads\/Bizcocho_Platano_Thumbnail-1.jpg","contentUrl":"https:\/\/lagranjafoods.com\/wp-content\/uploads\/Bizcocho_Platano_Thumbnail-1.jpg","width":1692,"height":2022},{"@type":"BreadcrumbList","@id":"https:\/\/lagranjafoods.com\/ca\/producte\/pa-de-pessic-de-platan\/#breadcrumb","itemListElement":[{"@type":"ListItem","position":1,"name":"Portada","item":"https:\/\/lagranjafoods.com\/ca\/"},{"@type":"ListItem","position":2,"name":"Productes","item":"https:\/\/lagranjafoods.com\/ca\/productes\/"},{"@type":"ListItem","position":3,"name":"Pa de pessic de plàtan"}]},{"@type":"WebSite","@id":"https:\/\/lagranjafoods.com\/ca\/#website","url":"https:\/\/lagranjafoods.com\/ca\/","name":"La Granja Foods","description":"¡Benvinguts a La Granja! Qualitat, sabor i frescor des de 1959.","publisher":{"@id":"https:\/\/lagranjafoods.com\/ca\/#organization"},"potentialAction":[{"@type":"SearchAction","target":{"@type":"EntryPoint","urlTemplate":"https:\/\/lagranjafoods.com\/ca\/?s={search_term_string}"},"query-input":{"@type":"PropertyValueSpecification","valueRequired":true,"valueName":"search_term_string"}}],"inLanguage":"ca"},{"@type":"Organization","@id":"https:\/\/lagranjafoods.com\/ca\/#organization","name":"La Granja Foods","url":"https:\/\/lagranjafoods.com\/ca\/","logo":{"@type":"ImageObject","inLanguage":"ca","@id":"https:\/\/lagranjafoods.com\/ca\/#\/schema\/logo\/image\/","url":"https:\/\/lagranjafoods.com\/wp-content\/uploads\/logo-lagranjafoods.png","contentUrl":"https:\/\/lagranjafoods.com\/wp-content\/uploads\/logo-lagranjafoods.png","width":539,"height":158,"caption":"La Granja Foods "},"image":{"@id":"https:\/\/lagranjafoods.com\/ca\/#\/schema\/logo\/image\/"}}]}</script>
<!-- / Yoast SEO plugin. -->

Pa de pessic de plàtan - La Granja Foods

El característic sabor de plàtan fa d'aquest original pa de pessic un capritx per als sentits.   Amb sucre de canya  Plàtan natural en pols  Amb coco ratllat  Elaborat amb iogurt natural fresc  Elaborat amb ous frescos  Enfornat lentament  Elevada esponjositat i sabor  Textura molt tendra  Amb els millors ingredients i de màxima qualitat
