{"id":38643,"date":"2025-04-14T13:54:36","date_gmt":"2025-04-14T13:54:36","guid":{"rendered":"http:\/\/lagranjafoods.com\/?post_type=product&#038;p=38643"},"modified":"2026-05-29T12:40:16","modified_gmt":"2026-05-29T10:40:16","slug":"mini-magdalena-de-festucs","status":"publish","type":"product","link":"https:\/\/lagranjafoods.com\/ca\/producte\/mini-magdalena-de-festucs\/","title":{"rendered":"Mini Magdalena de Festucs"},"content":{"rendered":"<p>Mini Magdalena de Festucs. Desde el primer d\u00eda, elaborar los productos lo mejor que sabemos y asegurar un gran sabor ha sido para nosotros un valor irrenunciable.<\/p>\n<p>En 1954 nuestros abuelos ten\u00edan un colmado junto a su peque\u00f1a granja de gallinas. En \u00e9l vend\u00edan al vecindario los huevos as\u00ed como v\u00edveres de todo tipo. Una vez la tienda se qued\u00f3 sin suministro de magdalenas, uno de sus productos m\u00e1s populares. Para contentar a la clientela, nuestra abuela decidi\u00f3 hornear su propia receta de magdalenas en la cocina de su casa. Su enorme \u00e9xito sorprendi\u00f3 a todos, cada vez se vend\u00edan m\u00e1s y m\u00e1s. De ah\u00ed naci\u00f3 La Granja y aprendimos algo que siempre tenemos presente: trabajar fuerte y hacerlo todo lo mejor que uno sabe para satisfacer a tus clientes.<\/p>\n<p>Fue as\u00ed con las primeras especialidades tradicionales que nos dieron a conocer y lo ha seguido siendo a lo largo de nuestra trayectoria, al incorporar continuamente novedades en nuestra gama.<\/p>\n<p>Avanzarnos a las necesidades y deseos de los consumidores nos ha convertido en un referente de calidad e innovaci\u00f3n en nuestro sector de productos de alimentaci\u00f3n. En los a\u00f1os 80 <a href=\"https:\/\/lagranjafoods.com\/ca\/\">La Granja<\/a> fue pionera al crear especialidades atendiendo a distintas necesidades diet\u00e9ticas, que hoy forman parte de nuestra gama Diet.<\/p>\n<p>M\u00e1s tarde lanzamos la gama Bio, que utiliza solo ingredientes de la agricultura ecol\u00f3gica. Han seguido a esta l\u00ednea, la gama Vegan para un consumo estrictamente vegano y los productos Sin Gluten y Sin Lactosa, que tienen una producci\u00f3n separada a la resta de productos.<\/p>\n","protected":false},"excerpt":{"rendered":"<div class=\"btns-llengues row\">\n<div class=\"col-xs-12\">\n<div class=\"btn-right\">Oferim les nostres delicioses Mini Magdalena de Festuc: Perfecte per emportar i gaudir en qualsevol moment.<\/div>\n<\/div>\n<\/div>\n<form class=\"formulari form-horizontal\" data-gtm-form-interact-id=\"0\">\n<div class=\"traductor-textarea form-group\">\n<div class=\"textarea-desti col-xs-12 col-sm-6\">\n<ul>\n<li class=\"form-control second-textarea\">Elaborat amb festucs<\/li>\n<li class=\"form-control second-textarea\">Elaborat amb ous frescos<\/li>\n<li class=\"form-control second-textarea\">Enfornat lentament<\/li>\n<li class=\"form-control second-textarea\">Elevada esponjositat i sabor<\/li>\n<li class=\"form-control second-textarea\">Textura molt tendra<\/li>\n<li class=\"form-control second-textarea\">Amb els millors ingredients i de m\u00e0xima qualitat<\/li>\n<\/ul>\n<\/div>\n<\/div>\n<\/form>\n","protected":false},"featured_media":58069,"comment_status":"closed","ping_status":"closed","template":"","meta":{"_acf_changed":false},"product_cat":[105],"product_tag":[426],"class_list":["post-38643","product","type-product","status-publish","has-post-thumbnail","product_cat-tradicionals","product_tag-fruits-secs-ca-2","first","instock","taxable","shipping-taxable","purchasable","product-type-simple"],"acf":[],"yoast_head":"<!-- This site is optimized with the Yoast SEO plugin v28.3 - https:\/\/yoast.com\/product\/yoast-seo-wordpress\/ -->\n<title>Mini Magdalena de Festucs - La Granja Foods<\/title>\n<meta name=\"description\" content=\"Mini Magdalena de Festucs. Desde el primer d\u00eda, elaborar els productes el millor que sabem y asegurar un gran gust \u00e9s per nosaltres un valor irrenunciable\" \/>\n<meta name=\"robots\" content=\"index, follow, max-snippet:-1, max-image-preview:large, max-video-preview:-1\" \/>\n<link rel=\"canonical\" href=\"https:\/\/lagranjafoods.com\/ca\/producte\/mini-magdalena-de-festucs\/\" \/>\n<meta property=\"og:locale\" content=\"ca_ES\" \/>\n<meta property=\"og:type\" content=\"article\" \/>\n<meta property=\"og:title\" content=\"Mini Magdalena de Festucs - La Granja Foods\" \/>\n<meta property=\"og:description\" content=\"Mini Magdalena de Festucs. Desde el primer d\u00eda, elaborar els productes el millor que sabem y asegurar un gran gust \u00e9s per nosaltres un valor irrenunciable\" \/>\n<meta property=\"og:url\" content=\"https:\/\/lagranjafoods.com\/ca\/producte\/mini-magdalena-de-festucs\/\" \/>\n<meta property=\"og:site_name\" content=\"La Granja Foods\" \/>\n<meta property=\"article:modified_time\" content=\"2026-05-29T10:40:16+00:00\" \/>\n<meta property=\"og:image\" content=\"https:\/\/lagranjafoods.com\/wp-content\/uploads\/Minis-pistacho-857x1024.png\" \/>\n\t<meta property=\"og:image:width\" content=\"857\" \/>\n\t<meta property=\"og:image:height\" content=\"1024\" \/>\n\t<meta property=\"og:image:type\" content=\"image\/png\" \/>\n<meta name=\"twitter:card\" content=\"summary_large_image\" \/>\n<meta name=\"twitter:label1\" content=\"Temps estimat de lectura\" \/>\n\t<meta name=\"twitter:data1\" content=\"2 minut\" \/>\n<script type=\"application\/ld+json\" class=\"yoast-schema-graph\">{\"@context\":\"https:\\\/\\\/schema.org\",\"@graph\":[{\"@type\":\"WebPage\",\"@id\":\"https:\\\/\\\/lagranjafoods.com\\\/ca\\\/producte\\\/mini-magdalena-de-festucs\\\/\",\"url\":\"https:\\\/\\\/lagranjafoods.com\\\/ca\\\/producte\\\/mini-magdalena-de-festucs\\\/\",\"name\":\"Mini Magdalena de Festucs - La Granja Foods\",\"isPartOf\":{\"@id\":\"https:\\\/\\\/lagranjafoods.com\\\/ca\\\/#website\"},\"primaryImageOfPage\":{\"@id\":\"https:\\\/\\\/lagranjafoods.com\\\/ca\\\/producte\\\/mini-magdalena-de-festucs\\\/#primaryimage\"},\"image\":{\"@id\":\"https:\\\/\\\/lagranjafoods.com\\\/ca\\\/producte\\\/mini-magdalena-de-festucs\\\/#primaryimage\"},\"thumbnailUrl\":\"https:\\\/\\\/lagranjafoods.com\\\/wp-content\\\/uploads\\\/Minis-pistacho.png\",\"datePublished\":\"2025-04-14T13:54:36+00:00\",\"dateModified\":\"2026-05-29T10:40:16+00:00\",\"description\":\"Mini Magdalena de Festucs. Desde el primer d\u00eda, elaborar els productes el millor que sabem y asegurar un gran gust \u00e9s per nosaltres un valor irrenunciable\",\"breadcrumb\":{\"@id\":\"https:\\\/\\\/lagranjafoods.com\\\/ca\\\/producte\\\/mini-magdalena-de-festucs\\\/#breadcrumb\"},\"inLanguage\":\"ca\",\"potentialAction\":[{\"@type\":\"ReadAction\",\"target\":[\"https:\\\/\\\/lagranjafoods.com\\\/ca\\\/producte\\\/mini-magdalena-de-festucs\\\/\"]}]},{\"@type\":\"ImageObject\",\"inLanguage\":\"ca\",\"@id\":\"https:\\\/\\\/lagranjafoods.com\\\/ca\\\/producte\\\/mini-magdalena-de-festucs\\\/#primaryimage\",\"url\":\"https:\\\/\\\/lagranjafoods.com\\\/wp-content\\\/uploads\\\/Minis-pistacho.png\",\"contentUrl\":\"https:\\\/\\\/lagranjafoods.com\\\/wp-content\\\/uploads\\\/Minis-pistacho.png\",\"width\":1692,\"height\":2022},{\"@type\":\"BreadcrumbList\",\"@id\":\"https:\\\/\\\/lagranjafoods.com\\\/ca\\\/producte\\\/mini-magdalena-de-festucs\\\/#breadcrumb\",\"itemListElement\":[{\"@type\":\"ListItem\",\"position\":1,\"name\":\"Portada\",\"item\":\"https:\\\/\\\/lagranjafoods.com\\\/ca\\\/\"},{\"@type\":\"ListItem\",\"position\":2,\"name\":\"Productes\",\"item\":\"https:\\\/\\\/lagranjafoods.com\\\/ca\\\/productes\\\/\"},{\"@type\":\"ListItem\",\"position\":3,\"name\":\"Mini Magdalena de Festucs\"}]},{\"@type\":\"WebSite\",\"@id\":\"https:\\\/\\\/lagranjafoods.com\\\/ca\\\/#website\",\"url\":\"https:\\\/\\\/lagranjafoods.com\\\/ca\\\/\",\"name\":\"La Granja Foods\",\"description\":\"\u00a1Benvinguts a La Granja! Qualitat, sabor i frescor des de 1959.\",\"publisher\":{\"@id\":\"https:\\\/\\\/lagranjafoods.com\\\/ca\\\/#organization\"},\"potentialAction\":[{\"@type\":\"SearchAction\",\"target\":{\"@type\":\"EntryPoint\",\"urlTemplate\":\"https:\\\/\\\/lagranjafoods.com\\\/ca\\\/?s={search_term_string}\"},\"query-input\":{\"@type\":\"PropertyValueSpecification\",\"valueRequired\":true,\"valueName\":\"search_term_string\"}}],\"inLanguage\":\"ca\"},{\"@type\":\"Organization\",\"@id\":\"https:\\\/\\\/lagranjafoods.com\\\/ca\\\/#organization\",\"name\":\"La Granja Foods\",\"url\":\"https:\\\/\\\/lagranjafoods.com\\\/ca\\\/\",\"logo\":{\"@type\":\"ImageObject\",\"inLanguage\":\"ca\",\"@id\":\"https:\\\/\\\/lagranjafoods.com\\\/ca\\\/#\\\/schema\\\/logo\\\/image\\\/\",\"url\":\"https:\\\/\\\/lagranjafoods.com\\\/wp-content\\\/uploads\\\/logo-lagranjafoods.png\",\"contentUrl\":\"https:\\\/\\\/lagranjafoods.com\\\/wp-content\\\/uploads\\\/logo-lagranjafoods.png\",\"width\":539,\"height\":158,\"caption\":\"La Granja Foods \"},\"image\":{\"@id\":\"https:\\\/\\\/lagranjafoods.com\\\/ca\\\/#\\\/schema\\\/logo\\\/image\\\/\"}}]}<\/script>\n<!-- \/ Yoast SEO plugin. -->","yoast_head_json":{"title":"Mini Magdalena de Festucs - La Granja Foods","description":"Mini Magdalena de Festucs. Desde el primer d\u00eda, elaborar els productes el millor que sabem y asegurar un gran gust \u00e9s per nosaltres un valor irrenunciable","robots":{"index":"index","follow":"follow","max-snippet":"max-snippet:-1","max-image-preview":"max-image-preview:large","max-video-preview":"max-video-preview:-1"},"canonical":"https:\/\/lagranjafoods.com\/ca\/producte\/mini-magdalena-de-festucs\/","og_locale":"ca_ES","og_type":"article","og_title":"Mini Magdalena de Festucs - La Granja Foods","og_description":"Mini Magdalena de Festucs. Desde el primer d\u00eda, elaborar els productes el millor que sabem y asegurar un gran gust \u00e9s per nosaltres un valor irrenunciable","og_url":"https:\/\/lagranjafoods.com\/ca\/producte\/mini-magdalena-de-festucs\/","og_site_name":"La Granja Foods","article_modified_time":"2026-05-29T10:40:16+00:00","og_image":[{"width":857,"height":1024,"url":"https:\/\/lagranjafoods.com\/wp-content\/uploads\/Minis-pistacho-857x1024.png","type":"image\/png"}],"twitter_card":"summary_large_image","twitter_misc":{"Temps estimat de lectura":"2 minut"},"schema":{"@context":"https:\/\/schema.org","@graph":[{"@type":"WebPage","@id":"https:\/\/lagranjafoods.com\/ca\/producte\/mini-magdalena-de-festucs\/","url":"https:\/\/lagranjafoods.com\/ca\/producte\/mini-magdalena-de-festucs\/","name":"Mini Magdalena de Festucs - La Granja Foods","isPartOf":{"@id":"https:\/\/lagranjafoods.com\/ca\/#website"},"primaryImageOfPage":{"@id":"https:\/\/lagranjafoods.com\/ca\/producte\/mini-magdalena-de-festucs\/#primaryimage"},"image":{"@id":"https:\/\/lagranjafoods.com\/ca\/producte\/mini-magdalena-de-festucs\/#primaryimage"},"thumbnailUrl":"https:\/\/lagranjafoods.com\/wp-content\/uploads\/Minis-pistacho.png","datePublished":"2025-04-14T13:54:36+00:00","dateModified":"2026-05-29T10:40:16+00:00","description":"Mini Magdalena de Festucs. Desde el primer d\u00eda, elaborar els productes el millor que sabem y asegurar un gran gust \u00e9s per nosaltres un valor irrenunciable","breadcrumb":{"@id":"https:\/\/lagranjafoods.com\/ca\/producte\/mini-magdalena-de-festucs\/#breadcrumb"},"inLanguage":"ca","potentialAction":[{"@type":"ReadAction","target":["https:\/\/lagranjafoods.com\/ca\/producte\/mini-magdalena-de-festucs\/"]}]},{"@type":"ImageObject","inLanguage":"ca","@id":"https:\/\/lagranjafoods.com\/ca\/producte\/mini-magdalena-de-festucs\/#primaryimage","url":"https:\/\/lagranjafoods.com\/wp-content\/uploads\/Minis-pistacho.png","contentUrl":"https:\/\/lagranjafoods.com\/wp-content\/uploads\/Minis-pistacho.png","width":1692,"height":2022},{"@type":"BreadcrumbList","@id":"https:\/\/lagranjafoods.com\/ca\/producte\/mini-magdalena-de-festucs\/#breadcrumb","itemListElement":[{"@type":"ListItem","position":1,"name":"Portada","item":"https:\/\/lagranjafoods.com\/ca\/"},{"@type":"ListItem","position":2,"name":"Productes","item":"https:\/\/lagranjafoods.com\/ca\/productes\/"},{"@type":"ListItem","position":3,"name":"Mini Magdalena de Festucs"}]},{"@type":"WebSite","@id":"https:\/\/lagranjafoods.com\/ca\/#website","url":"https:\/\/lagranjafoods.com\/ca\/","name":"La Granja Foods","description":"\u00a1Benvinguts a La Granja! Qualitat, sabor i frescor des de 1959.","publisher":{"@id":"https:\/\/lagranjafoods.com\/ca\/#organization"},"potentialAction":[{"@type":"SearchAction","target":{"@type":"EntryPoint","urlTemplate":"https:\/\/lagranjafoods.com\/ca\/?s={search_term_string}"},"query-input":{"@type":"PropertyValueSpecification","valueRequired":true,"valueName":"search_term_string"}}],"inLanguage":"ca"},{"@type":"Organization","@id":"https:\/\/lagranjafoods.com\/ca\/#organization","name":"La Granja Foods","url":"https:\/\/lagranjafoods.com\/ca\/","logo":{"@type":"ImageObject","inLanguage":"ca","@id":"https:\/\/lagranjafoods.com\/ca\/#\/schema\/logo\/image\/","url":"https:\/\/lagranjafoods.com\/wp-content\/uploads\/logo-lagranjafoods.png","contentUrl":"https:\/\/lagranjafoods.com\/wp-content\/uploads\/logo-lagranjafoods.png","width":539,"height":158,"caption":"La Granja Foods "},"image":{"@id":"https:\/\/lagranjafoods.com\/ca\/#\/schema\/logo\/image\/"}}]}},"_links":{"self":[{"href":"https:\/\/lagranjafoods.com\/ca\/wp-json\/wp\/v2\/product\/38643","targetHints":{"allow":["GET"]}}],"collection":[{"href":"https:\/\/lagranjafoods.com\/ca\/wp-json\/wp\/v2\/product"}],"about":[{"href":"https:\/\/lagranjafoods.com\/ca\/wp-json\/wp\/v2\/types\/product"}],"replies":[{"embeddable":true,"href":"https:\/\/lagranjafoods.com\/ca\/wp-json\/wp\/v2\/comments?post=38643"}],"wp:featuredmedia":[{"embeddable":true,"href":"https:\/\/lagranjafoods.com\/ca\/wp-json\/wp\/v2\/media\/58069"}],"wp:attachment":[{"href":"https:\/\/lagranjafoods.com\/ca\/wp-json\/wp\/v2\/media?parent=38643"}],"wp:term":[{"taxonomy":"product_cat","embeddable":true,"href":"https:\/\/lagranjafoods.com\/ca\/wp-json\/wp\/v2\/product_cat?post=38643"},{"taxonomy":"product_tag","embeddable":true,"href":"https:\/\/lagranjafoods.com\/ca\/wp-json\/wp\/v2\/product_tag?post=38643"}],"curies":[{"name":"wp","href":"https:\/\/api.w.org\/{rel}","templated":true}]}}

<p>Mini Magdalena de Festucs. Desde el primer día, elaborar los productos lo mejor que sabemos y asegurar un gran sabor ha sido para nosotros un valor irrenunciable.</p>
<p>En 1954 nuestros abuelos tenían un colmado junto a su pequeña granja de gallinas. En él vendían al vecindario los huevos así como víveres de todo tipo. Una vez la tienda se quedó sin suministro de magdalenas, uno de sus productos más populares. Para contentar a la clientela, nuestra abuela decidió hornear su propia receta de magdalenas en la cocina de su casa. Su enorme éxito sorprendió a todos, cada vez se vendían más y más. De ahí nació La Granja y aprendimos algo que siempre tenemos presente: trabajar fuerte y hacerlo todo lo mejor que uno sabe para satisfacer a tus clientes.</p>
<p>Fue así con las primeras especialidades tradicionales que nos dieron a conocer y lo ha seguido siendo a lo largo de nuestra trayectoria, al incorporar continuamente novedades en nuestra gama.</p>
<p>Avanzarnos a las necesidades y deseos de los consumidores nos ha convertido en un referente de calidad e innovación en nuestro sector de productos de alimentación. En los años 80 <a href="https://lagranjafoods.com/ca/">La Granja</a> fue pionera al crear especialidades atendiendo a distintas necesidades dietéticas, que hoy forman parte de nuestra gama Diet.</p>
<p>Más tarde lanzamos la gama Bio, que utiliza solo ingredientes de la agricultura ecológica. Han seguido a esta línea, la gama Vegan para un consumo estrictamente vegano y los productos Sin Gluten y Sin Lactosa, que tienen una producción separada a la resta de productos.</p>

<div class="btns-llengues row">
<div class="col-xs-12">
<div class="btn-right">Oferim les nostres delicioses Mini Magdalena de Festuc: Perfecte per emportar i gaudir en qualsevol moment.</div>
</div>
</div>
<form class="formulari form-horizontal" data-gtm-form-interact-id="0">
<div class="traductor-textarea form-group">
<div class="textarea-desti col-xs-12 col-sm-6">
<ul>
<li class="form-control second-textarea">Elaborat amb festucs</li>
<li class="form-control second-textarea">Elaborat amb ous frescos</li>
<li class="form-control second-textarea">Enfornat lentament</li>
<li class="form-control second-textarea">Elevada esponjositat i sabor</li>
<li class="form-control second-textarea">Textura molt tendra</li>
<li class="form-control second-textarea">Amb els millors ingredients i de màxima qualitat</li>
</ul>
</div>
</div>
</form>

<!-- This site is optimized with the Yoast SEO plugin v28.3 - https://yoast.com/product/yoast-seo-wordpress/ -->
<title>Mini Magdalena de Festucs - La Granja Foods</title>
<meta name="description" content="Mini Magdalena de Festucs. Desde el primer día, elaborar els productes el millor que sabem y asegurar un gran gust és per nosaltres un valor irrenunciable" />
<meta name="robots" content="index, follow, max-snippet:-1, max-image-preview:large, max-video-preview:-1" />
<link rel="canonical" href="https://lagranjafoods.com/ca/producte/mini-magdalena-de-festucs/" />
<meta property="og:locale" content="ca_ES" />
<meta property="og:type" content="article" />
<meta property="og:title" content="Mini Magdalena de Festucs - La Granja Foods" />
<meta property="og:description" content="Mini Magdalena de Festucs. Desde el primer día, elaborar els productes el millor que sabem y asegurar un gran gust és per nosaltres un valor irrenunciable" />
<meta property="og:url" content="https://lagranjafoods.com/ca/producte/mini-magdalena-de-festucs/" />
<meta property="og:site_name" content="La Granja Foods" />
<meta property="article:modified_time" content="2026-05-29T10:40:16+00:00" />
<meta property="og:image" content="https://lagranjafoods.com/wp-content/uploads/Minis-pistacho-857x1024.png" />
	<meta property="og:image:width" content="857" />
	<meta property="og:image:height" content="1024" />
	<meta property="og:image:type" content="image/png" />
<meta name="twitter:card" content="summary_large_image" />
<meta name="twitter:label1" content="Temps estimat de lectura" />
	<meta name="twitter:data1" content="2 minut" />
<script type="application/ld+json" class="yoast-schema-graph">{"@context":"https:\/\/schema.org","@graph":[{"@type":"WebPage","@id":"https:\/\/lagranjafoods.com\/ca\/producte\/mini-magdalena-de-festucs\/","url":"https:\/\/lagranjafoods.com\/ca\/producte\/mini-magdalena-de-festucs\/","name":"Mini Magdalena de Festucs - La Granja Foods","isPartOf":{"@id":"https:\/\/lagranjafoods.com\/ca\/#website"},"primaryImageOfPage":{"@id":"https:\/\/lagranjafoods.com\/ca\/producte\/mini-magdalena-de-festucs\/#primaryimage"},"image":{"@id":"https:\/\/lagranjafoods.com\/ca\/producte\/mini-magdalena-de-festucs\/#primaryimage"},"thumbnailUrl":"https:\/\/lagranjafoods.com\/wp-content\/uploads\/Minis-pistacho.png","datePublished":"2025-04-14T13:54:36+00:00","dateModified":"2026-05-29T10:40:16+00:00","description":"Mini Magdalena de Festucs. Desde el primer día, elaborar els productes el millor que sabem y asegurar un gran gust és per nosaltres un valor irrenunciable","breadcrumb":{"@id":"https:\/\/lagranjafoods.com\/ca\/producte\/mini-magdalena-de-festucs\/#breadcrumb"},"inLanguage":"ca","potentialAction":[{"@type":"ReadAction","target":["https:\/\/lagranjafoods.com\/ca\/producte\/mini-magdalena-de-festucs\/"]}]},{"@type":"ImageObject","inLanguage":"ca","@id":"https:\/\/lagranjafoods.com\/ca\/producte\/mini-magdalena-de-festucs\/#primaryimage","url":"https:\/\/lagranjafoods.com\/wp-content\/uploads\/Minis-pistacho.png","contentUrl":"https:\/\/lagranjafoods.com\/wp-content\/uploads\/Minis-pistacho.png","width":1692,"height":2022},{"@type":"BreadcrumbList","@id":"https:\/\/lagranjafoods.com\/ca\/producte\/mini-magdalena-de-festucs\/#breadcrumb","itemListElement":[{"@type":"ListItem","position":1,"name":"Portada","item":"https:\/\/lagranjafoods.com\/ca\/"},{"@type":"ListItem","position":2,"name":"Productes","item":"https:\/\/lagranjafoods.com\/ca\/productes\/"},{"@type":"ListItem","position":3,"name":"Mini Magdalena de Festucs"}]},{"@type":"WebSite","@id":"https:\/\/lagranjafoods.com\/ca\/#website","url":"https:\/\/lagranjafoods.com\/ca\/","name":"La Granja Foods","description":"¡Benvinguts a La Granja! Qualitat, sabor i frescor des de 1959.","publisher":{"@id":"https:\/\/lagranjafoods.com\/ca\/#organization"},"potentialAction":[{"@type":"SearchAction","target":{"@type":"EntryPoint","urlTemplate":"https:\/\/lagranjafoods.com\/ca\/?s={search_term_string}"},"query-input":{"@type":"PropertyValueSpecification","valueRequired":true,"valueName":"search_term_string"}}],"inLanguage":"ca"},{"@type":"Organization","@id":"https:\/\/lagranjafoods.com\/ca\/#organization","name":"La Granja Foods","url":"https:\/\/lagranjafoods.com\/ca\/","logo":{"@type":"ImageObject","inLanguage":"ca","@id":"https:\/\/lagranjafoods.com\/ca\/#\/schema\/logo\/image\/","url":"https:\/\/lagranjafoods.com\/wp-content\/uploads\/logo-lagranjafoods.png","contentUrl":"https:\/\/lagranjafoods.com\/wp-content\/uploads\/logo-lagranjafoods.png","width":539,"height":158,"caption":"La Granja Foods "},"image":{"@id":"https:\/\/lagranjafoods.com\/ca\/#\/schema\/logo\/image\/"}}]}</script>
<!-- / Yoast SEO plugin. -->

Mini Magdalena de Festucs. Desde el primer día, elaborar els productes el millor que sabem y asegurar un gran gust és per nosaltres un valor irrenunciable
