{"id":1166,"date":"2024-04-04T10:23:44","date_gmt":"2024-04-04T08:23:44","guid":{"rendered":"http:\/\/lagranjafoods.com\/nosotros-sostenibilidad\/"},"modified":"2025-08-26T12:30:31","modified_gmt":"2025-08-26T10:30:31","slug":"nosaltres-sostenibilitat","status":"publish","type":"page","link":"https:\/\/lagranjafoods.com\/ca\/nosaltres-sostenibilitat\/","title":{"rendered":"Nosaltres. Sostenibilitat"},"content":{"rendered":"\n<h2>Iniciatives per a minimitzar l&#8217;impacte ambiental<\/h2>\n<p class=\"text-important\">A la Granja estem implementant tota una s\u00e8rie de canvis per portar a la pr\u00e0ctica el nostre comprom\u00eds mediambiental. Volem fer tot el que sigui a la nostra m\u00e0.<\/p>\n<hr \/>\n<p>Uns dels exemples m\u00e9s recents en el nostre objectiu de m\u00e0xima sostenibilitat s\u00f3n:<\/p>\n<h3>\u00das de paper certificat fsc<\/h3>\n<p>Un tret que identifica tots els productes de La Granja \u00e9s el cartr\u00f3 plegat o cavallet situat sobre les nostres bosses. La fusta de la qual procedeix aquest cartr\u00f3 prov\u00e9 de boscos gestionats segons els criteris del Consell d\u2019Administraci\u00f3 Forestal o FSC (Forest Stewardship Council), i certifica que s\u2019ha obtingut sota mesures de gesti\u00f3 sostenible del bosc en termes no nom\u00e9s ecol\u00f2gics, sin\u00f3 tamb\u00e9 socials i econ\u00f2mics. Per la seva part, en el cas del cartr\u00f3 reciclat es fan servir fibres recuperades de paper o de cartr\u00f3 com a mat\u00e8ria primera.<\/p>\n<h3>\u00das de pl\u00e0stic reciclable<\/h3>\n<p>A La Granja sempre hem volgut que els nostres consumidors puguin veure, a les seves bosses transparents, el producte que adquiriran. Afortunadament, actualment podem compatibilitzar aquest tret tan valorat amb el respecte mediambiental, ja que utilitzem un material reciclable que permet reutilitzar-lo i donar-li una segona vida.<\/p>\n<h3>\u00das de plaques solars<\/h3>\n<p>Hem implementat un important canvi per millorar la sostenibilitat ambiental en renovar les nostres instal\u00b7lacions. La energia necess\u00e0ria per produir tots els nostres productes \u00e9s cada cop m\u00e9s verd i neta gr\u00e0cies a la instal\u00b7laci\u00f3 de plaques solars.<\/p>\n","protected":false},"excerpt":{"rendered":"<p>Iniciatives per a minimitzar l&#8217;impacte ambiental A la Granja estem implementant tota una s\u00e8rie de canvis per portar a la pr\u00e0ctica el nostre comprom\u00eds mediambiental. Volem fer tot el que &hellip;<\/p>\n","protected":false},"author":1,"featured_media":1167,"parent":0,"menu_order":0,"comment_status":"closed","ping_status":"closed","template":"page-templates\/page-text-image.php","meta":{"_acf_changed":false,"footnotes":""},"class_list":["post-1166","page","type-page","status-publish","has-post-thumbnail","hentry"],"acf":[],"yoast_head":"<!-- This site is optimized with the Yoast SEO plugin v28.3 - https:\/\/yoast.com\/product\/yoast-seo-wordpress\/ -->\n<title>Nosaltres. Sostenibilitat - La Granja Foods<\/title>\n<meta name=\"description\" content=\"Iniciatives per a minimitzar l&#039;impacte ambiental A la Granja estem implementant tota una s\u00e8rie de canvis per portar a la pr\u00e0ctica el nostre comprom\u00eds\" \/>\n<meta name=\"robots\" content=\"index, follow, max-snippet:-1, max-image-preview:large, max-video-preview:-1\" \/>\n<link rel=\"canonical\" href=\"https:\/\/lagranjafoods.com\/ca\/nosaltres-sostenibilitat\/\" \/>\n<meta property=\"og:locale\" content=\"ca_ES\" \/>\n<meta property=\"og:type\" content=\"article\" \/>\n<meta property=\"og:title\" content=\"Nosaltres. Sostenibilitat - La Granja Foods\" \/>\n<meta property=\"og:description\" content=\"Iniciatives per a minimitzar l&#039;impacte ambiental A la Granja estem implementant tota una s\u00e8rie de canvis per portar a la pr\u00e0ctica el nostre comprom\u00eds\" \/>\n<meta property=\"og:url\" content=\"https:\/\/lagranjafoods.com\/ca\/nosaltres-sostenibilitat\/\" \/>\n<meta property=\"og:site_name\" content=\"La Granja Foods\" \/>\n<meta property=\"article:modified_time\" content=\"2025-08-26T10:30:31+00:00\" \/>\n<meta property=\"og:image\" content=\"https:\/\/lagranjafoods.com\/wp-content\/uploads\/img-nosotros-sostenibilidad.webp\" \/>\n\t<meta property=\"og:image:width\" content=\"1800\" \/>\n\t<meta property=\"og:image:height\" content=\"1800\" \/>\n\t<meta property=\"og:image:type\" content=\"image\/webp\" \/>\n<meta name=\"twitter:card\" content=\"summary_large_image\" \/>\n<meta name=\"twitter:label1\" content=\"Temps estimat de lectura\" \/>\n\t<meta name=\"twitter:data1\" content=\"2 minut\" \/>\n<script type=\"application\/ld+json\" class=\"yoast-schema-graph\">{\"@context\":\"https:\\\/\\\/schema.org\",\"@graph\":[{\"@type\":\"WebPage\",\"@id\":\"https:\\\/\\\/lagranjafoods.com\\\/ca\\\/nosaltres-sostenibilitat\\\/\",\"url\":\"https:\\\/\\\/lagranjafoods.com\\\/ca\\\/nosaltres-sostenibilitat\\\/\",\"name\":\"Nosaltres. Sostenibilitat - La Granja Foods\",\"isPartOf\":{\"@id\":\"https:\\\/\\\/lagranjafoods.com\\\/ca\\\/#website\"},\"primaryImageOfPage\":{\"@id\":\"https:\\\/\\\/lagranjafoods.com\\\/ca\\\/nosaltres-sostenibilitat\\\/#primaryimage\"},\"image\":{\"@id\":\"https:\\\/\\\/lagranjafoods.com\\\/ca\\\/nosaltres-sostenibilitat\\\/#primaryimage\"},\"thumbnailUrl\":\"https:\\\/\\\/lagranjafoods.com\\\/wp-content\\\/uploads\\\/img-nosotros-sostenibilidad.webp\",\"datePublished\":\"2024-04-04T08:23:44+00:00\",\"dateModified\":\"2025-08-26T10:30:31+00:00\",\"description\":\"Iniciatives per a minimitzar l'impacte ambiental A la Granja estem implementant tota una s\u00e8rie de canvis per portar a la pr\u00e0ctica el nostre comprom\u00eds\",\"breadcrumb\":{\"@id\":\"https:\\\/\\\/lagranjafoods.com\\\/ca\\\/nosaltres-sostenibilitat\\\/#breadcrumb\"},\"inLanguage\":\"ca\",\"potentialAction\":[{\"@type\":\"ReadAction\",\"target\":[\"https:\\\/\\\/lagranjafoods.com\\\/ca\\\/nosaltres-sostenibilitat\\\/\"]}]},{\"@type\":\"ImageObject\",\"inLanguage\":\"ca\",\"@id\":\"https:\\\/\\\/lagranjafoods.com\\\/ca\\\/nosaltres-sostenibilitat\\\/#primaryimage\",\"url\":\"https:\\\/\\\/lagranjafoods.com\\\/wp-content\\\/uploads\\\/img-nosotros-sostenibilidad.webp\",\"contentUrl\":\"https:\\\/\\\/lagranjafoods.com\\\/wp-content\\\/uploads\\\/img-nosotros-sostenibilidad.webp\",\"width\":1800,\"height\":1800},{\"@type\":\"BreadcrumbList\",\"@id\":\"https:\\\/\\\/lagranjafoods.com\\\/ca\\\/nosaltres-sostenibilitat\\\/#breadcrumb\",\"itemListElement\":[{\"@type\":\"ListItem\",\"position\":1,\"name\":\"Portada\",\"item\":\"https:\\\/\\\/lagranjafoods.com\\\/ca\\\/\"},{\"@type\":\"ListItem\",\"position\":2,\"name\":\"Nosaltres. Sostenibilitat\"}]},{\"@type\":\"WebSite\",\"@id\":\"https:\\\/\\\/lagranjafoods.com\\\/ca\\\/#website\",\"url\":\"https:\\\/\\\/lagranjafoods.com\\\/ca\\\/\",\"name\":\"La Granja Foods\",\"description\":\"\u00a1Benvinguts a La Granja! Qualitat, sabor i frescor des de 1959.\",\"publisher\":{\"@id\":\"https:\\\/\\\/lagranjafoods.com\\\/ca\\\/#organization\"},\"potentialAction\":[{\"@type\":\"SearchAction\",\"target\":{\"@type\":\"EntryPoint\",\"urlTemplate\":\"https:\\\/\\\/lagranjafoods.com\\\/ca\\\/?s={search_term_string}\"},\"query-input\":{\"@type\":\"PropertyValueSpecification\",\"valueRequired\":true,\"valueName\":\"search_term_string\"}}],\"inLanguage\":\"ca\"},{\"@type\":\"Organization\",\"@id\":\"https:\\\/\\\/lagranjafoods.com\\\/ca\\\/#organization\",\"name\":\"La Granja Foods\",\"url\":\"https:\\\/\\\/lagranjafoods.com\\\/ca\\\/\",\"logo\":{\"@type\":\"ImageObject\",\"inLanguage\":\"ca\",\"@id\":\"https:\\\/\\\/lagranjafoods.com\\\/ca\\\/#\\\/schema\\\/logo\\\/image\\\/\",\"url\":\"https:\\\/\\\/lagranjafoods.com\\\/wp-content\\\/uploads\\\/logo-lagranjafoods.png\",\"contentUrl\":\"https:\\\/\\\/lagranjafoods.com\\\/wp-content\\\/uploads\\\/logo-lagranjafoods.png\",\"width\":539,\"height\":158,\"caption\":\"La Granja Foods \"},\"image\":{\"@id\":\"https:\\\/\\\/lagranjafoods.com\\\/ca\\\/#\\\/schema\\\/logo\\\/image\\\/\"}}]}<\/script>\n<!-- \/ Yoast SEO plugin. -->","yoast_head_json":{"title":"Nosaltres. Sostenibilitat - La Granja Foods","description":"Iniciatives per a minimitzar l'impacte ambiental A la Granja estem implementant tota una s\u00e8rie de canvis per portar a la pr\u00e0ctica el nostre comprom\u00eds","robots":{"index":"index","follow":"follow","max-snippet":"max-snippet:-1","max-image-preview":"max-image-preview:large","max-video-preview":"max-video-preview:-1"},"canonical":"https:\/\/lagranjafoods.com\/ca\/nosaltres-sostenibilitat\/","og_locale":"ca_ES","og_type":"article","og_title":"Nosaltres. Sostenibilitat - La Granja Foods","og_description":"Iniciatives per a minimitzar l'impacte ambiental A la Granja estem implementant tota una s\u00e8rie de canvis per portar a la pr\u00e0ctica el nostre comprom\u00eds","og_url":"https:\/\/lagranjafoods.com\/ca\/nosaltres-sostenibilitat\/","og_site_name":"La Granja Foods","article_modified_time":"2025-08-26T10:30:31+00:00","og_image":[{"width":1800,"height":1800,"url":"https:\/\/lagranjafoods.com\/wp-content\/uploads\/img-nosotros-sostenibilidad.webp","type":"image\/webp"}],"twitter_card":"summary_large_image","twitter_misc":{"Temps estimat de lectura":"2 minut"},"schema":{"@context":"https:\/\/schema.org","@graph":[{"@type":"WebPage","@id":"https:\/\/lagranjafoods.com\/ca\/nosaltres-sostenibilitat\/","url":"https:\/\/lagranjafoods.com\/ca\/nosaltres-sostenibilitat\/","name":"Nosaltres. Sostenibilitat - La Granja Foods","isPartOf":{"@id":"https:\/\/lagranjafoods.com\/ca\/#website"},"primaryImageOfPage":{"@id":"https:\/\/lagranjafoods.com\/ca\/nosaltres-sostenibilitat\/#primaryimage"},"image":{"@id":"https:\/\/lagranjafoods.com\/ca\/nosaltres-sostenibilitat\/#primaryimage"},"thumbnailUrl":"https:\/\/lagranjafoods.com\/wp-content\/uploads\/img-nosotros-sostenibilidad.webp","datePublished":"2024-04-04T08:23:44+00:00","dateModified":"2025-08-26T10:30:31+00:00","description":"Iniciatives per a minimitzar l'impacte ambiental A la Granja estem implementant tota una s\u00e8rie de canvis per portar a la pr\u00e0ctica el nostre comprom\u00eds","breadcrumb":{"@id":"https:\/\/lagranjafoods.com\/ca\/nosaltres-sostenibilitat\/#breadcrumb"},"inLanguage":"ca","potentialAction":[{"@type":"ReadAction","target":["https:\/\/lagranjafoods.com\/ca\/nosaltres-sostenibilitat\/"]}]},{"@type":"ImageObject","inLanguage":"ca","@id":"https:\/\/lagranjafoods.com\/ca\/nosaltres-sostenibilitat\/#primaryimage","url":"https:\/\/lagranjafoods.com\/wp-content\/uploads\/img-nosotros-sostenibilidad.webp","contentUrl":"https:\/\/lagranjafoods.com\/wp-content\/uploads\/img-nosotros-sostenibilidad.webp","width":1800,"height":1800},{"@type":"BreadcrumbList","@id":"https:\/\/lagranjafoods.com\/ca\/nosaltres-sostenibilitat\/#breadcrumb","itemListElement":[{"@type":"ListItem","position":1,"name":"Portada","item":"https:\/\/lagranjafoods.com\/ca\/"},{"@type":"ListItem","position":2,"name":"Nosaltres. Sostenibilitat"}]},{"@type":"WebSite","@id":"https:\/\/lagranjafoods.com\/ca\/#website","url":"https:\/\/lagranjafoods.com\/ca\/","name":"La Granja Foods","description":"\u00a1Benvinguts a La Granja! Qualitat, sabor i frescor des de 1959.","publisher":{"@id":"https:\/\/lagranjafoods.com\/ca\/#organization"},"potentialAction":[{"@type":"SearchAction","target":{"@type":"EntryPoint","urlTemplate":"https:\/\/lagranjafoods.com\/ca\/?s={search_term_string}"},"query-input":{"@type":"PropertyValueSpecification","valueRequired":true,"valueName":"search_term_string"}}],"inLanguage":"ca"},{"@type":"Organization","@id":"https:\/\/lagranjafoods.com\/ca\/#organization","name":"La Granja Foods","url":"https:\/\/lagranjafoods.com\/ca\/","logo":{"@type":"ImageObject","inLanguage":"ca","@id":"https:\/\/lagranjafoods.com\/ca\/#\/schema\/logo\/image\/","url":"https:\/\/lagranjafoods.com\/wp-content\/uploads\/logo-lagranjafoods.png","contentUrl":"https:\/\/lagranjafoods.com\/wp-content\/uploads\/logo-lagranjafoods.png","width":539,"height":158,"caption":"La Granja Foods "},"image":{"@id":"https:\/\/lagranjafoods.com\/ca\/#\/schema\/logo\/image\/"}}]}},"_links":{"self":[{"href":"https:\/\/lagranjafoods.com\/ca\/wp-json\/wp\/v2\/pages\/1166","targetHints":{"allow":["GET"]}}],"collection":[{"href":"https:\/\/lagranjafoods.com\/ca\/wp-json\/wp\/v2\/pages"}],"about":[{"href":"https:\/\/lagranjafoods.com\/ca\/wp-json\/wp\/v2\/types\/page"}],"author":[{"embeddable":true,"href":"https:\/\/lagranjafoods.com\/ca\/wp-json\/wp\/v2\/users\/1"}],"replies":[{"embeddable":true,"href":"https:\/\/lagranjafoods.com\/ca\/wp-json\/wp\/v2\/comments?post=1166"}],"version-history":[{"count":0,"href":"https:\/\/lagranjafoods.com\/ca\/wp-json\/wp\/v2\/pages\/1166\/revisions"}],"wp:featuredmedia":[{"embeddable":true,"href":"https:\/\/lagranjafoods.com\/ca\/wp-json\/wp\/v2\/media\/1167"}],"wp:attachment":[{"href":"https:\/\/lagranjafoods.com\/ca\/wp-json\/wp\/v2\/media?parent=1166"}],"curies":[{"name":"wp","href":"https:\/\/api.w.org\/{rel}","templated":true}]}}

<h2>Iniciatives per a minimitzar l&#8217;impacte ambiental</h2>
<p class="text-important">A la Granja estem implementant tota una sèrie de canvis per portar a la pràctica el nostre compromís mediambiental. Volem fer tot el que sigui a la nostra mà.</p>
<hr />
<p>Uns dels exemples més recents en el nostre objectiu de màxima sostenibilitat són:</p>
<h3>Ús de paper certificat fsc</h3>
<p>Un tret que identifica tots els productes de La Granja és el cartró plegat o cavallet situat sobre les nostres bosses. La fusta de la qual procedeix aquest cartró prové de boscos gestionats segons els criteris del Consell d’Administració Forestal o FSC (Forest Stewardship Council), i certifica que s’ha obtingut sota mesures de gestió sostenible del bosc en termes no només ecològics, sinó també socials i econòmics. Per la seva part, en el cas del cartró reciclat es fan servir fibres recuperades de paper o de cartró com a matèria primera.</p>
<h3>Ús de plàstic reciclable</h3>
<p>A La Granja sempre hem volgut que els nostres consumidors puguin veure, a les seves bosses transparents, el producte que adquiriran. Afortunadament, actualment podem compatibilitzar aquest tret tan valorat amb el respecte mediambiental, ja que utilitzem un material reciclable que permet reutilitzar-lo i donar-li una segona vida.</p>
<h3>Ús de plaques solars</h3>
<p>Hem implementat un important canvi per millorar la sostenibilitat ambiental en renovar les nostres instal·lacions. La energia necessària per produir tots els nostres productes és cada cop més verd i neta gràcies a la instal·lació de plaques solars.</p>

<p>Iniciatives per a minimitzar l&#8217;impacte ambiental A la Granja estem implementant tota una sèrie de canvis per portar a la pràctica el nostre compromís mediambiental. Volem fer tot el que &hellip;</p>

<!-- This site is optimized with the Yoast SEO plugin v28.3 - https://yoast.com/product/yoast-seo-wordpress/ -->
<title>Nosaltres. Sostenibilitat - La Granja Foods</title>
<meta name="description" content="Iniciatives per a minimitzar l&#039;impacte ambiental A la Granja estem implementant tota una sèrie de canvis per portar a la pràctica el nostre compromís" />
<meta name="robots" content="index, follow, max-snippet:-1, max-image-preview:large, max-video-preview:-1" />
<link rel="canonical" href="https://lagranjafoods.com/ca/nosaltres-sostenibilitat/" />
<meta property="og:locale" content="ca_ES" />
<meta property="og:type" content="article" />
<meta property="og:title" content="Nosaltres. Sostenibilitat - La Granja Foods" />
<meta property="og:description" content="Iniciatives per a minimitzar l&#039;impacte ambiental A la Granja estem implementant tota una sèrie de canvis per portar a la pràctica el nostre compromís" />
<meta property="og:url" content="https://lagranjafoods.com/ca/nosaltres-sostenibilitat/" />
<meta property="og:site_name" content="La Granja Foods" />
<meta property="article:modified_time" content="2025-08-26T10:30:31+00:00" />
<meta property="og:image" content="https://lagranjafoods.com/wp-content/uploads/img-nosotros-sostenibilidad.webp" />
	<meta property="og:image:width" content="1800" />
	<meta property="og:image:height" content="1800" />
	<meta property="og:image:type" content="image/webp" />
<meta name="twitter:card" content="summary_large_image" />
<meta name="twitter:label1" content="Temps estimat de lectura" />
	<meta name="twitter:data1" content="2 minut" />
<script type="application/ld+json" class="yoast-schema-graph">{"@context":"https:\/\/schema.org","@graph":[{"@type":"WebPage","@id":"https:\/\/lagranjafoods.com\/ca\/nosaltres-sostenibilitat\/","url":"https:\/\/lagranjafoods.com\/ca\/nosaltres-sostenibilitat\/","name":"Nosaltres. Sostenibilitat - La Granja Foods","isPartOf":{"@id":"https:\/\/lagranjafoods.com\/ca\/#website"},"primaryImageOfPage":{"@id":"https:\/\/lagranjafoods.com\/ca\/nosaltres-sostenibilitat\/#primaryimage"},"image":{"@id":"https:\/\/lagranjafoods.com\/ca\/nosaltres-sostenibilitat\/#primaryimage"},"thumbnailUrl":"https:\/\/lagranjafoods.com\/wp-content\/uploads\/img-nosotros-sostenibilidad.webp","datePublished":"2024-04-04T08:23:44+00:00","dateModified":"2025-08-26T10:30:31+00:00","description":"Iniciatives per a minimitzar l'impacte ambiental A la Granja estem implementant tota una sèrie de canvis per portar a la pràctica el nostre compromís","breadcrumb":{"@id":"https:\/\/lagranjafoods.com\/ca\/nosaltres-sostenibilitat\/#breadcrumb"},"inLanguage":"ca","potentialAction":[{"@type":"ReadAction","target":["https:\/\/lagranjafoods.com\/ca\/nosaltres-sostenibilitat\/"]}]},{"@type":"ImageObject","inLanguage":"ca","@id":"https:\/\/lagranjafoods.com\/ca\/nosaltres-sostenibilitat\/#primaryimage","url":"https:\/\/lagranjafoods.com\/wp-content\/uploads\/img-nosotros-sostenibilidad.webp","contentUrl":"https:\/\/lagranjafoods.com\/wp-content\/uploads\/img-nosotros-sostenibilidad.webp","width":1800,"height":1800},{"@type":"BreadcrumbList","@id":"https:\/\/lagranjafoods.com\/ca\/nosaltres-sostenibilitat\/#breadcrumb","itemListElement":[{"@type":"ListItem","position":1,"name":"Portada","item":"https:\/\/lagranjafoods.com\/ca\/"},{"@type":"ListItem","position":2,"name":"Nosaltres. Sostenibilitat"}]},{"@type":"WebSite","@id":"https:\/\/lagranjafoods.com\/ca\/#website","url":"https:\/\/lagranjafoods.com\/ca\/","name":"La Granja Foods","description":"¡Benvinguts a La Granja! Qualitat, sabor i frescor des de 1959.","publisher":{"@id":"https:\/\/lagranjafoods.com\/ca\/#organization"},"potentialAction":[{"@type":"SearchAction","target":{"@type":"EntryPoint","urlTemplate":"https:\/\/lagranjafoods.com\/ca\/?s={search_term_string}"},"query-input":{"@type":"PropertyValueSpecification","valueRequired":true,"valueName":"search_term_string"}}],"inLanguage":"ca"},{"@type":"Organization","@id":"https:\/\/lagranjafoods.com\/ca\/#organization","name":"La Granja Foods","url":"https:\/\/lagranjafoods.com\/ca\/","logo":{"@type":"ImageObject","inLanguage":"ca","@id":"https:\/\/lagranjafoods.com\/ca\/#\/schema\/logo\/image\/","url":"https:\/\/lagranjafoods.com\/wp-content\/uploads\/logo-lagranjafoods.png","contentUrl":"https:\/\/lagranjafoods.com\/wp-content\/uploads\/logo-lagranjafoods.png","width":539,"height":158,"caption":"La Granja Foods "},"image":{"@id":"https:\/\/lagranjafoods.com\/ca\/#\/schema\/logo\/image\/"}}]}</script>
<!-- / Yoast SEO plugin. -->

Iniciatives per a minimitzar l'impacte ambiental A la Granja estem implementant tota una sèrie de canvis per portar a la pràctica el nostre compromís
